{"id":60260,"date":"2021-07-12T19:06:38","date_gmt":"2021-07-12T17:06:42","guid":{"rendered":"https:\/\/www.laperlavalles2.bcntic.com\/product\/mongeta-vermella-seda\/"},"modified":"2025-06-19T10:50:29","modified_gmt":"2025-06-19T08:50:29","slug":"mongeta-vermella-seda","status":"publish","type":"product","link":"https:\/\/www.laperlavalles.cat\/ca\/producte\/mongeta-vermella-seda\/","title":{"rendered":"MONGETA VERMELLA SEDA"},"content":{"rendered":"<p>Mongeta vermella seda. La Perla \u00e9s importador i distribu\u00efdor de llegums i fruits secs arreu del m\u00f3n.<\/p>\n","protected":false},"excerpt":{"rendered":"<p>Mongeta vermella seda. La Perla \u00e9s importador i distribu\u00efdor de llegums i fruits secs arreu del m\u00f3n.<\/p>\n","protected":false},"featured_media":167430,"comment_status":"open","ping_status":"closed","template":"","meta":[],"product_cat":[8416],"product_tag":[],"_links":{"self":[{"href":"https:\/\/www.laperlavalles.cat\/ca\/wp-json\/wp\/v2\/product\/60260"}],"collection":[{"href":"https:\/\/www.laperlavalles.cat\/ca\/wp-json\/wp\/v2\/product"}],"about":[{"href":"https:\/\/www.laperlavalles.cat\/ca\/wp-json\/wp\/v2\/types\/product"}],"replies":[{"embeddable":true,"href":"https:\/\/www.laperlavalles.cat\/ca\/wp-json\/wp\/v2\/comments?post=60260"}],"wp:featuredmedia":[{"embeddable":true,"href":"https:\/\/www.laperlavalles.cat\/ca\/wp-json\/wp\/v2\/media\/167430"}],"wp:attachment":[{"href":"https:\/\/www.laperlavalles.cat\/ca\/wp-json\/wp\/v2\/media?parent=60260"}],"wp:term":[{"taxonomy":"product_cat","embeddable":true,"href":"https:\/\/www.laperlavalles.cat\/ca\/wp-json\/wp\/v2\/product_cat?post=60260"},{"taxonomy":"product_tag","embeddable":true,"href":"https:\/\/www.laperlavalles.cat\/ca\/wp-json\/wp\/v2\/product_tag?post=60260"}],"curies":[{"name":"wp","href":"https:\/\/api.w.org\/{rel}","templated":true}]}}

<p>Mongeta vermella seda. La Perla és importador i distribuïdor de llegums i fruits secs arreu del món.</p>
