{"id":60780,"date":"2021-07-12T19:15:56","date_gmt":"2021-07-12T17:16:00","guid":{"rendered":"https:\/\/www.laperlavalles2.bcntic.com\/product\/salsa-agredolca-aroy-d-4690ml\/"},"modified":"2023-06-23T11:29:24","modified_gmt":"2023-06-23T09:29:24","slug":"salsa-agredolca-aroy-d-4690ml","status":"publish","type":"product","link":"https:\/\/www.laperlavalles.cat\/ca\/producte\/salsa-agredolca-aroy-d-4690ml\/","title":{"rendered":"SALSA AGREDOL\u00c7A AROY-D 4690ML"},"content":{"rendered":"<p>La salsa agredol\u00e7a Aroy-d \u00e9s una salsa de la cuina tradicional asi\u00e0tica i especialment tailandesa que barreja sabors \u00e0cid i dol\u00e7. Es fa servir per amanir els rotllets de primavera i com a complement per a fregits, ideal per acompanyar plats a base de porc, pollastre, vedella&#8230;<\/p>\n","protected":false},"excerpt":{"rendered":"<p>La salsa agredol\u00e7a Aroy-d \u00e9s una salsa de la cuina tradicional asi\u00e0tica i especialment tailandesa que barreja sabors \u00e0cid i dol\u00e7. Es fa servir per amanir<span class=\"excerpt-hellip\"> [\u2026]<\/span><\/p>\n","protected":false},"featured_media":166433,"comment_status":"open","ping_status":"closed","template":"","meta":[],"product_cat":[8411,8504],"product_tag":[],"_links":{"self":[{"href":"https:\/\/www.laperlavalles.cat\/ca\/wp-json\/wp\/v2\/product\/60780"}],"collection":[{"href":"https:\/\/www.laperlavalles.cat\/ca\/wp-json\/wp\/v2\/product"}],"about":[{"href":"https:\/\/www.laperlavalles.cat\/ca\/wp-json\/wp\/v2\/types\/product"}],"replies":[{"embeddable":true,"href":"https:\/\/www.laperlavalles.cat\/ca\/wp-json\/wp\/v2\/comments?post=60780"}],"wp:featuredmedia":[{"embeddable":true,"href":"https:\/\/www.laperlavalles.cat\/ca\/wp-json\/wp\/v2\/media\/166433"}],"wp:attachment":[{"href":"https:\/\/www.laperlavalles.cat\/ca\/wp-json\/wp\/v2\/media?parent=60780"}],"wp:term":[{"taxonomy":"product_cat","embeddable":true,"href":"https:\/\/www.laperlavalles.cat\/ca\/wp-json\/wp\/v2\/product_cat?post=60780"},{"taxonomy":"product_tag","embeddable":true,"href":"https:\/\/www.laperlavalles.cat\/ca\/wp-json\/wp\/v2\/product_tag?post=60780"}],"curies":[{"name":"wp","href":"https:\/\/api.w.org\/{rel}","templated":true}]}}

SALSA AGREDOLÇA AROY-D 4690ML

<p>La salsa agredolça Aroy-d és una salsa de la cuina tradicional asiàtica i especialment tailandesa que barreja sabors àcid i dolç. Es fa servir per amanir els rotllets de primavera i com a complement per a fregits, ideal per acompanyar plats a base de porc, pollastre, vedella&#8230;</p>

<p>La salsa agredolça Aroy-d és una salsa de la cuina tradicional asiàtica i especialment tailandesa que barreja sabors àcid i dolç. Es fa servir per amanir<span class="excerpt-hellip"> […]</span></p>
