{"id":61900,"date":"2021-07-12T19:36:30","date_gmt":"2021-07-12T17:36:34","guid":{"rendered":"https:\/\/www.laperlavalles2.bcntic.com\/product\/pasta-de-xili-amb-oli-de-soja-aroy-d\/"},"modified":"2023-06-23T08:24:44","modified_gmt":"2023-06-23T06:24:44","slug":"pasta-de-xili-amb-oli-de-soja-aroy-d","status":"publish","type":"product","link":"https:\/\/www.laperlavalles.cat\/ca\/producte\/pasta-de-xili-amb-oli-de-soja-aroy-d\/","title":{"rendered":"PASTA DE XILI AMB OLI DE SOJA AROY-D"},"content":{"rendered":"<p>Pasta de xili amb oli de soja marca Aroy-D.<br \/>\nAroy-D \u00e9s la coneguda marca d&#8217;aliments orientals n\u00fam. 1 a Tail\u00e0ndia.<\/p>\n","protected":false},"excerpt":{"rendered":"<p>Pasta de xili amb oli de soja marca Aroy-D. Aroy-D \u00e9s la coneguda marca d&#8217;aliments orientals n\u00fam. 1 a Tail\u00e0ndia.<\/p>\n","protected":false},"featured_media":158097,"comment_status":"open","ping_status":"closed","template":"","meta":[],"product_cat":[8411,8504],"product_tag":[],"_links":{"self":[{"href":"https:\/\/www.laperlavalles.cat\/ca\/wp-json\/wp\/v2\/product\/61900"}],"collection":[{"href":"https:\/\/www.laperlavalles.cat\/ca\/wp-json\/wp\/v2\/product"}],"about":[{"href":"https:\/\/www.laperlavalles.cat\/ca\/wp-json\/wp\/v2\/types\/product"}],"replies":[{"embeddable":true,"href":"https:\/\/www.laperlavalles.cat\/ca\/wp-json\/wp\/v2\/comments?post=61900"}],"wp:featuredmedia":[{"embeddable":true,"href":"https:\/\/www.laperlavalles.cat\/ca\/wp-json\/wp\/v2\/media\/158097"}],"wp:attachment":[{"href":"https:\/\/www.laperlavalles.cat\/ca\/wp-json\/wp\/v2\/media?parent=61900"}],"wp:term":[{"taxonomy":"product_cat","embeddable":true,"href":"https:\/\/www.laperlavalles.cat\/ca\/wp-json\/wp\/v2\/product_cat?post=61900"},{"taxonomy":"product_tag","embeddable":true,"href":"https:\/\/www.laperlavalles.cat\/ca\/wp-json\/wp\/v2\/product_tag?post=61900"}],"curies":[{"name":"wp","href":"https:\/\/api.w.org\/{rel}","templated":true}]}}

<p>Pasta de xili amb oli de soja marca Aroy-D.<br />
Aroy-D és la coneguda marca d&#8217;aliments orientals núm. 1 a Tailàndia.</p>

<p>Pasta de xili amb oli de soja marca Aroy-D. Aroy-D és la coneguda marca d&#8217;aliments orientals núm. 1 a Tailàndia.</p>
