{"id":62240,"date":"2021-07-12T19:42:01","date_gmt":"2021-07-12T17:42:04","guid":{"rendered":"https:\/\/www.laperlavalles2.bcntic.com\/product\/salsa-maggi-arome-960ml\/"},"modified":"2023-06-23T08:13:20","modified_gmt":"2023-06-23T06:13:20","slug":"salsa-maggi-arome-960ml","status":"publish","type":"product","link":"https:\/\/www.laperlavalles.cat\/ca\/producte\/salsa-maggi-arome-960ml\/","title":{"rendered":"SALSA MAGGI AROME 960ML"},"content":{"rendered":"<p>El Maggi Arome \u00e9s un condiment l\u00edquid ideal per real\u00e7ar i donar sabor als teus plats. La Salsa Maggi Arome et permet donar-li un toc diferenciador a les teves receptes. La Salsa Maggi Arome \u00e9s ideal per a marinar carns, afegir un toc diferent a les teves amanides, assaonar carns o peixos, o fins i tot per preparar c\u00f2ctels&#8230;<\/p>\n","protected":false},"excerpt":{"rendered":"<p>El Maggi Arome \u00e9s un condiment l\u00edquid ideal per real\u00e7ar i donar sabor als teus plats. La Salsa Maggi Arome et permet donar-li un toc diferenciador<span class=\"excerpt-hellip\"> [\u2026]<\/span><\/p>\n","protected":false},"featured_media":157577,"comment_status":"open","ping_status":"closed","template":"","meta":[],"product_cat":[8410],"product_tag":[],"_links":{"self":[{"href":"https:\/\/www.laperlavalles.cat\/ca\/wp-json\/wp\/v2\/product\/62240"}],"collection":[{"href":"https:\/\/www.laperlavalles.cat\/ca\/wp-json\/wp\/v2\/product"}],"about":[{"href":"https:\/\/www.laperlavalles.cat\/ca\/wp-json\/wp\/v2\/types\/product"}],"replies":[{"embeddable":true,"href":"https:\/\/www.laperlavalles.cat\/ca\/wp-json\/wp\/v2\/comments?post=62240"}],"wp:featuredmedia":[{"embeddable":true,"href":"https:\/\/www.laperlavalles.cat\/ca\/wp-json\/wp\/v2\/media\/157577"}],"wp:attachment":[{"href":"https:\/\/www.laperlavalles.cat\/ca\/wp-json\/wp\/v2\/media?parent=62240"}],"wp:term":[{"taxonomy":"product_cat","embeddable":true,"href":"https:\/\/www.laperlavalles.cat\/ca\/wp-json\/wp\/v2\/product_cat?post=62240"},{"taxonomy":"product_tag","embeddable":true,"href":"https:\/\/www.laperlavalles.cat\/ca\/wp-json\/wp\/v2\/product_tag?post=62240"}],"curies":[{"name":"wp","href":"https:\/\/api.w.org\/{rel}","templated":true}]}}

<p>El Maggi Arome és un condiment líquid ideal per realçar i donar sabor als teus plats. La Salsa Maggi Arome et permet donar-li un toc diferenciador a les teves receptes. La Salsa Maggi Arome és ideal per a marinar carns, afegir un toc diferent a les teves amanides, assaonar carns o peixos, o fins i tot per preparar còctels&#8230;</p>

<p>El Maggi Arome és un condiment líquid ideal per realçar i donar sabor als teus plats. La Salsa Maggi Arome et permet donar-li un toc diferenciador<span class="excerpt-hellip"> […]</span></p>
