{"id":62400,"date":"2021-07-12T19:44:31","date_gmt":"2021-07-12T17:44:35","guid":{"rendered":"https:\/\/www.laperlavalles2.bcntic.com\/product\/tahina-the-elements-350g\/"},"modified":"2023-06-26T15:28:07","modified_gmt":"2023-06-26T13:28:07","slug":"tahina-the-elements-350g","status":"publish","type":"product","link":"https:\/\/www.laperlavalles.cat\/ca\/producte\/tahina-the-elements-350g\/","title":{"rendered":"TAHINA THE ELEMENTS 350G"},"content":{"rendered":"<p>La Tahina The Elements \u00e9s una crema de s\u00e8sam 100% natural elaborada \u00fanicament amb llavors de s\u00e8sam torrades. \u00c9s un producte essencial en qualsevol supermercat, hipermercat, botiga especialitzada, o qualsevol distribu\u00efdor d&#8217;alimentaci\u00f3 per canal horeca i c\u00e0terings per col\u00b7lectivitats.<\/p>\n","protected":false},"excerpt":{"rendered":"<p>La Tahina The Elements \u00e9s una crema de s\u00e8sam 100% natural elaborada \u00fanicament amb llavors de s\u00e8sam torrades. \u00c9s un producte essencial en qualsevol supermercat, hipermercat,<span class=\"excerpt-hellip\"> [\u2026]<\/span><\/p>\n","protected":false},"featured_media":150850,"comment_status":"open","ping_status":"closed","template":"","meta":[],"product_cat":[8410],"product_tag":[],"_links":{"self":[{"href":"https:\/\/www.laperlavalles.cat\/ca\/wp-json\/wp\/v2\/product\/62400"}],"collection":[{"href":"https:\/\/www.laperlavalles.cat\/ca\/wp-json\/wp\/v2\/product"}],"about":[{"href":"https:\/\/www.laperlavalles.cat\/ca\/wp-json\/wp\/v2\/types\/product"}],"replies":[{"embeddable":true,"href":"https:\/\/www.laperlavalles.cat\/ca\/wp-json\/wp\/v2\/comments?post=62400"}],"wp:featuredmedia":[{"embeddable":true,"href":"https:\/\/www.laperlavalles.cat\/ca\/wp-json\/wp\/v2\/media\/150850"}],"wp:attachment":[{"href":"https:\/\/www.laperlavalles.cat\/ca\/wp-json\/wp\/v2\/media?parent=62400"}],"wp:term":[{"taxonomy":"product_cat","embeddable":true,"href":"https:\/\/www.laperlavalles.cat\/ca\/wp-json\/wp\/v2\/product_cat?post=62400"},{"taxonomy":"product_tag","embeddable":true,"href":"https:\/\/www.laperlavalles.cat\/ca\/wp-json\/wp\/v2\/product_tag?post=62400"}],"curies":[{"name":"wp","href":"https:\/\/api.w.org\/{rel}","templated":true}]}}

<p>La Tahina The Elements és una crema de sèsam 100% natural elaborada únicament amb llavors de sèsam torrades. És un producte essencial en qualsevol supermercat, hipermercat, botiga especialitzada, o qualsevol distribuïdor d&#8217;alimentació per canal horeca i càterings per col·lectivitats.</p>

<p>La Tahina The Elements és una crema de sèsam 100% natural elaborada únicament amb llavors de sèsam torrades. És un producte essencial en qualsevol supermercat, hipermercat,<span class="excerpt-hellip"> […]</span></p>
