{"id":63880,"date":"2021-07-12T20:10:17","date_gmt":"2021-07-12T18:10:21","guid":{"rendered":"https:\/\/www.laperlavalles2.bcntic.com\/product\/nestle-cerelac-blat-400gr\/"},"modified":"2023-06-26T15:01:44","modified_gmt":"2023-06-26T13:01:44","slug":"nestle-cerelac-blat-400gr","status":"publish","type":"product","link":"https:\/\/www.laperlavalles.cat\/ca\/producte\/nestle-cerelac-blat-400gr\/","title":{"rendered":"NESTL\u00c9 CERELAC BLAT 400GR"},"content":{"rendered":"<p>Nestl\u00e9 Cerelac blat amb llet s\u00f3n les famoses farinetes de blat amb llet de Nestl\u00e9. A partir de 6 mesos.<\/p>\n","protected":false},"excerpt":{"rendered":"<p>Nestl\u00e9 Cerelac blat amb llet s\u00f3n les famoses farinetes de blat amb llet de Nestl\u00e9. A partir de 6 mesos.<\/p>\n","protected":false},"featured_media":139301,"comment_status":"open","ping_status":"closed","template":"","meta":[],"product_cat":[8406,8509],"product_tag":[],"_links":{"self":[{"href":"https:\/\/www.laperlavalles.cat\/ca\/wp-json\/wp\/v2\/product\/63880"}],"collection":[{"href":"https:\/\/www.laperlavalles.cat\/ca\/wp-json\/wp\/v2\/product"}],"about":[{"href":"https:\/\/www.laperlavalles.cat\/ca\/wp-json\/wp\/v2\/types\/product"}],"replies":[{"embeddable":true,"href":"https:\/\/www.laperlavalles.cat\/ca\/wp-json\/wp\/v2\/comments?post=63880"}],"wp:featuredmedia":[{"embeddable":true,"href":"https:\/\/www.laperlavalles.cat\/ca\/wp-json\/wp\/v2\/media\/139301"}],"wp:attachment":[{"href":"https:\/\/www.laperlavalles.cat\/ca\/wp-json\/wp\/v2\/media?parent=63880"}],"wp:term":[{"taxonomy":"product_cat","embeddable":true,"href":"https:\/\/www.laperlavalles.cat\/ca\/wp-json\/wp\/v2\/product_cat?post=63880"},{"taxonomy":"product_tag","embeddable":true,"href":"https:\/\/www.laperlavalles.cat\/ca\/wp-json\/wp\/v2\/product_tag?post=63880"}],"curies":[{"name":"wp","href":"https:\/\/api.w.org\/{rel}","templated":true}]}}

NESTLÉ CERELAC BLAT 400GR

<p>Nestlé Cerelac blat amb llet són les famoses farinetes de blat amb llet de Nestlé. A partir de 6 mesos.</p>
