{"id":64340,"date":"2021-07-12T20:18:06","date_gmt":"2021-07-12T18:18:11","guid":{"rendered":"https:\/\/www.laperlavalles2.bcntic.com\/product\/crema-de-sesam-amb-cacao-the-elements\/"},"modified":"2023-06-23T11:08:33","modified_gmt":"2023-06-23T09:08:33","slug":"crema-de-sesam-amb-cacao-the-elements","status":"publish","type":"product","link":"https:\/\/www.laperlavalles.cat\/ca\/producte\/crema-de-sesam-amb-cacao-the-elements\/","title":{"rendered":"CREMA DE S\u00c8SAM AMB CACAO THE ELEMENTS"},"content":{"rendered":"<p>La crema untable de s\u00e8sam i cacau The Elements \u00e9s una crema ideal per a untar en pa o torrades. No cont\u00e9 sucres afegits. \u00c9s un producte natural ideal per distribuir en diet\u00e8tiques i botigues de nutrici\u00f3 especialitzada, aix\u00ed com en supermercats, hipermercats o fruiteries.<\/p>\n","protected":false},"excerpt":{"rendered":"<p>La crema untable de s\u00e8sam i cacau The Elements \u00e9s una crema ideal per a untar en pa o torrades. No cont\u00e9 sucres afegits. \u00c9s un<span class=\"excerpt-hellip\"> [\u2026]<\/span><\/p>\n","protected":false},"featured_media":165494,"comment_status":"open","ping_status":"closed","template":"","meta":[],"product_cat":[8406,8509],"product_tag":[],"_links":{"self":[{"href":"https:\/\/www.laperlavalles.cat\/ca\/wp-json\/wp\/v2\/product\/64340"}],"collection":[{"href":"https:\/\/www.laperlavalles.cat\/ca\/wp-json\/wp\/v2\/product"}],"about":[{"href":"https:\/\/www.laperlavalles.cat\/ca\/wp-json\/wp\/v2\/types\/product"}],"replies":[{"embeddable":true,"href":"https:\/\/www.laperlavalles.cat\/ca\/wp-json\/wp\/v2\/comments?post=64340"}],"wp:featuredmedia":[{"embeddable":true,"href":"https:\/\/www.laperlavalles.cat\/ca\/wp-json\/wp\/v2\/media\/165494"}],"wp:attachment":[{"href":"https:\/\/www.laperlavalles.cat\/ca\/wp-json\/wp\/v2\/media?parent=64340"}],"wp:term":[{"taxonomy":"product_cat","embeddable":true,"href":"https:\/\/www.laperlavalles.cat\/ca\/wp-json\/wp\/v2\/product_cat?post=64340"},{"taxonomy":"product_tag","embeddable":true,"href":"https:\/\/www.laperlavalles.cat\/ca\/wp-json\/wp\/v2\/product_tag?post=64340"}],"curies":[{"name":"wp","href":"https:\/\/api.w.org\/{rel}","templated":true}]}}

CREMA DE SÈSAM AMB CACAO THE ELEMENTS

<p>La crema untable de sèsam i cacau The Elements és una crema ideal per a untar en pa o torrades. No conté sucres afegits. És un producte natural ideal per distribuir en dietètiques i botigues de nutrició especialitzada, així com en supermercats, hipermercats o fruiteries.</p>

<p>La crema untable de sèsam i cacau The Elements és una crema ideal per a untar en pa o torrades. No conté sucres afegits. És un<span class="excerpt-hellip"> […]</span></p>
