{"id":68040,"date":"2021-07-12T21:21:33","date_gmt":"2021-07-12T19:21:37","guid":{"rendered":"https:\/\/www.laperlavalles2.bcntic.com\/product\/fideus-darros-vermicelli-aroy-d\/"},"modified":"2023-06-26T15:04:29","modified_gmt":"2023-06-26T13:04:29","slug":"fideus-darros-vermicelli-aroy-d","status":"publish","type":"product","link":"https:\/\/www.laperlavalles.cat\/ca\/producte\/fideus-darros-vermicelli-aroy-d\/","title":{"rendered":"FIDEUS D&#8217;ARR\u00d2S VERMICELLI AROY-D"},"content":{"rendered":"<p>Fideus d&#8217;arr\u00f2s Vermicelli Aroy-d. Fideus d&#8217;arr\u00f2s. <\/p>\n","protected":false},"excerpt":{"rendered":"<p>Fideus d&#8217;arr\u00f2s Vermicelli Aroy-d. Fideus d&#8217;arr\u00f2s.<\/p>\n","protected":false},"featured_media":145469,"comment_status":"open","ping_status":"closed","template":"","meta":[],"product_cat":[8415],"product_tag":[],"_links":{"self":[{"href":"https:\/\/www.laperlavalles.cat\/ca\/wp-json\/wp\/v2\/product\/68040"}],"collection":[{"href":"https:\/\/www.laperlavalles.cat\/ca\/wp-json\/wp\/v2\/product"}],"about":[{"href":"https:\/\/www.laperlavalles.cat\/ca\/wp-json\/wp\/v2\/types\/product"}],"replies":[{"embeddable":true,"href":"https:\/\/www.laperlavalles.cat\/ca\/wp-json\/wp\/v2\/comments?post=68040"}],"wp:featuredmedia":[{"embeddable":true,"href":"https:\/\/www.laperlavalles.cat\/ca\/wp-json\/wp\/v2\/media\/145469"}],"wp:attachment":[{"href":"https:\/\/www.laperlavalles.cat\/ca\/wp-json\/wp\/v2\/media?parent=68040"}],"wp:term":[{"taxonomy":"product_cat","embeddable":true,"href":"https:\/\/www.laperlavalles.cat\/ca\/wp-json\/wp\/v2\/product_cat?post=68040"},{"taxonomy":"product_tag","embeddable":true,"href":"https:\/\/www.laperlavalles.cat\/ca\/wp-json\/wp\/v2\/product_tag?post=68040"}],"curies":[{"name":"wp","href":"https:\/\/api.w.org\/{rel}","templated":true}]}}

FIDEUS D&#8217;ARRÒS VERMICELLI AROY-D

<p>Fideus d&#8217;arròs Vermicelli Aroy-d. Fideus d&#8217;arròs. </p>

<p>Fideus d&#8217;arròs Vermicelli Aroy-d. Fideus d&#8217;arròs.</p>
