{"id":68180,"date":"2021-07-12T21:23:45","date_gmt":"2021-07-12T19:23:49","guid":{"rendered":"https:\/\/www.laperlavalles2.bcntic.com\/product\/tallarines-darros-aroy-d-1mm\/"},"modified":"2023-06-23T08:37:37","modified_gmt":"2023-06-23T06:37:37","slug":"tallarines-darros-aroy-d-1mm","status":"publish","type":"product","link":"https:\/\/www.laperlavalles.cat\/ca\/producte\/tallarines-darros-aroy-d-1mm\/","title":{"rendered":"TALLARINES D&#8217;ARR\u00d2S AROY-D 1MM"},"content":{"rendered":"<p>Tallarines d&#8217;arr\u00f2s Aroy-d elaborades amb arr\u00f2s. Fideus de 1mm.<\/p>\n","protected":false},"excerpt":{"rendered":"<p>Tallarines d&#8217;arr\u00f2s Aroy-d elaborades amb arr\u00f2s. Fideus de 1mm.<\/p>\n","protected":false},"featured_media":158641,"comment_status":"open","ping_status":"closed","template":"","meta":[],"product_cat":[8415],"product_tag":[],"_links":{"self":[{"href":"https:\/\/www.laperlavalles.cat\/ca\/wp-json\/wp\/v2\/product\/68180"}],"collection":[{"href":"https:\/\/www.laperlavalles.cat\/ca\/wp-json\/wp\/v2\/product"}],"about":[{"href":"https:\/\/www.laperlavalles.cat\/ca\/wp-json\/wp\/v2\/types\/product"}],"replies":[{"embeddable":true,"href":"https:\/\/www.laperlavalles.cat\/ca\/wp-json\/wp\/v2\/comments?post=68180"}],"wp:featuredmedia":[{"embeddable":true,"href":"https:\/\/www.laperlavalles.cat\/ca\/wp-json\/wp\/v2\/media\/158641"}],"wp:attachment":[{"href":"https:\/\/www.laperlavalles.cat\/ca\/wp-json\/wp\/v2\/media?parent=68180"}],"wp:term":[{"taxonomy":"product_cat","embeddable":true,"href":"https:\/\/www.laperlavalles.cat\/ca\/wp-json\/wp\/v2\/product_cat?post=68180"},{"taxonomy":"product_tag","embeddable":true,"href":"https:\/\/www.laperlavalles.cat\/ca\/wp-json\/wp\/v2\/product_tag?post=68180"}],"curies":[{"name":"wp","href":"https:\/\/api.w.org\/{rel}","templated":true}]}}

TALLARINES D&#8217;ARRÒS AROY-D 1MM

<p>Tallarines d&#8217;arròs Aroy-d elaborades amb arròs. Fideus de 1mm.</p>
