{"id":68780,"date":"2021-07-12T21:34:25","date_gmt":"2021-07-12T19:34:29","guid":{"rendered":"https:\/\/www.laperlavalles2.bcntic.com\/product\/pilchards-amb-tomaquet-lespadon\/"},"modified":"2024-04-16T18:39:48","modified_gmt":"2024-04-16T16:39:48","slug":"pilchards-amb-tomaquet-lespadon","status":"publish","type":"product","link":"https:\/\/www.laperlavalles.cat\/ca\/producte\/pilchards-amb-tomaquet-lespadon\/","title":{"rendered":"PILCHARDS AMB TOM\u00c0QUET L&#8217;ESPADON"},"content":{"rendered":"<p>Les Pilchards L&#8217;Espadon s\u00f3n sardines amb salsa de tom\u00e0quet en conserva originals del Marroc.<\/p>\n","protected":false},"excerpt":{"rendered":"<p>Les Pilchards L&#8217;Espadon s\u00f3n sardines amb salsa de tom\u00e0quet en conserva originals del Marroc.<\/p>\n","protected":false},"featured_media":168854,"comment_status":"open","ping_status":"closed","template":"","meta":[],"product_cat":[8409],"product_tag":[],"_links":{"self":[{"href":"https:\/\/www.laperlavalles.cat\/ca\/wp-json\/wp\/v2\/product\/68780"}],"collection":[{"href":"https:\/\/www.laperlavalles.cat\/ca\/wp-json\/wp\/v2\/product"}],"about":[{"href":"https:\/\/www.laperlavalles.cat\/ca\/wp-json\/wp\/v2\/types\/product"}],"replies":[{"embeddable":true,"href":"https:\/\/www.laperlavalles.cat\/ca\/wp-json\/wp\/v2\/comments?post=68780"}],"wp:featuredmedia":[{"embeddable":true,"href":"https:\/\/www.laperlavalles.cat\/ca\/wp-json\/wp\/v2\/media\/168854"}],"wp:attachment":[{"href":"https:\/\/www.laperlavalles.cat\/ca\/wp-json\/wp\/v2\/media?parent=68780"}],"wp:term":[{"taxonomy":"product_cat","embeddable":true,"href":"https:\/\/www.laperlavalles.cat\/ca\/wp-json\/wp\/v2\/product_cat?post=68780"},{"taxonomy":"product_tag","embeddable":true,"href":"https:\/\/www.laperlavalles.cat\/ca\/wp-json\/wp\/v2\/product_tag?post=68780"}],"curies":[{"name":"wp","href":"https:\/\/api.w.org\/{rel}","templated":true}]}}

PILCHARDS AMB TOMÀQUET L&#8217;ESPADON

<p>Les Pilchards L&#8217;Espadon són sardines amb salsa de tomàquet en conserva originals del Marroc.</p>
