{"id":68980,"date":"2021-07-12T21:37:41","date_gmt":"2021-07-12T19:37:45","guid":{"rendered":"https:\/\/www.laperlavalles2.bcntic.com\/product\/mackerel-salsa-tomaquet-i-picant-ghana-taste\/"},"modified":"2024-07-01T16:40:31","modified_gmt":"2024-07-01T14:40:31","slug":"mackerel-salsa-tomaquet-i-picant-ghana-taste","status":"publish","type":"product","link":"https:\/\/www.laperlavalles.cat\/ca\/producte\/mackerel-salsa-tomaquet-i-picant-ghana-taste\/","title":{"rendered":"MACKEREL SALSA TOM\u00c0QUET I PICANT GHANA TASTE"},"content":{"rendered":"<p>La conserva Mackerel o Maquereau Ghana Taste \u00e9s verat amb salsa de tom\u00e0quet i xili. <\/p>\n","protected":false},"excerpt":{"rendered":"<p>La conserva Mackerel o Maquereau Ghana Taste \u00e9s verat amb salsa de tom\u00e0quet i xili.<\/p>\n","protected":false},"featured_media":157830,"comment_status":"open","ping_status":"closed","template":"","meta":[],"product_cat":[10617],"product_tag":[],"_links":{"self":[{"href":"https:\/\/www.laperlavalles.cat\/ca\/wp-json\/wp\/v2\/product\/68980"}],"collection":[{"href":"https:\/\/www.laperlavalles.cat\/ca\/wp-json\/wp\/v2\/product"}],"about":[{"href":"https:\/\/www.laperlavalles.cat\/ca\/wp-json\/wp\/v2\/types\/product"}],"replies":[{"embeddable":true,"href":"https:\/\/www.laperlavalles.cat\/ca\/wp-json\/wp\/v2\/comments?post=68980"}],"wp:featuredmedia":[{"embeddable":true,"href":"https:\/\/www.laperlavalles.cat\/ca\/wp-json\/wp\/v2\/media\/157830"}],"wp:attachment":[{"href":"https:\/\/www.laperlavalles.cat\/ca\/wp-json\/wp\/v2\/media?parent=68980"}],"wp:term":[{"taxonomy":"product_cat","embeddable":true,"href":"https:\/\/www.laperlavalles.cat\/ca\/wp-json\/wp\/v2\/product_cat?post=68980"},{"taxonomy":"product_tag","embeddable":true,"href":"https:\/\/www.laperlavalles.cat\/ca\/wp-json\/wp\/v2\/product_tag?post=68980"}],"curies":[{"name":"wp","href":"https:\/\/api.w.org\/{rel}","templated":true}]}}

MACKEREL SALSA TOMÀQUET I PICANT GHANA TASTE

<p>La conserva Mackerel o Maquereau Ghana Taste és verat amb salsa de tomàquet i xili. </p>

<p>La conserva Mackerel o Maquereau Ghana Taste és verat amb salsa de tomàquet i xili.</p>
