{"id":71240,"date":"2021-07-12T22:17:59","date_gmt":"2021-07-12T20:18:03","guid":{"rendered":"https:\/\/www.laperlavalles2.bcntic.com\/product\/tint-bigen-56\/"},"modified":"2025-07-03T09:54:08","modified_gmt":"2025-07-03T07:54:08","slug":"tint-bigen-56","status":"publish","type":"product","link":"https:\/\/www.laperlavalles.cat\/ca\/producte\/tint-bigen-56\/","title":{"rendered":"BIGEN TINT PERMANENT EN POLS CASTANY MIG- N\u00ba56"},"content":{"rendered":"<p>El tint permanent Bigen \u00e9s ideal per als que busquen una cobertura excel\u00b7lent i duradora dels cabells blancs o per real\u00e7ar-ne el color natural. Una f\u00f3rmula provada durant m\u00e9s de 30 anys que garanteix resultats efectius, la f\u00f3rmula \u00fanica en pols s&#8217;activa amb l&#8217;aigua i diposita un color ric i d&#8217;aspecte natural fins i tot als cabells blancs m\u00e9s rebels. Sense necessitat d&#8217;amon\u00edac, aquest tint de dip\u00f2sit \u00e9s l&#8217;opci\u00f3 m\u00e9s suau per obtenir un color intens i una brillantor \u00f2ptima, independentment del color natural del cabell, la consist\u00e8ncia, l&#8217;estat, la longitud o l&#8217;estil.<\/p>\n","protected":false},"excerpt":{"rendered":"<p>El tint permanent Bigen \u00e9s ideal per als que busquen una cobertura excel\u00b7lent i duradora dels cabells blancs o per real\u00e7ar-ne el color natural. Una f\u00f3rmula<span class=\"excerpt-hellip\"> [\u2026]<\/span><\/p>\n","protected":false},"featured_media":165281,"comment_status":"open","ping_status":"closed","template":"","meta":[],"product_cat":[8423,24329],"product_tag":[],"_links":{"self":[{"href":"https:\/\/www.laperlavalles.cat\/ca\/wp-json\/wp\/v2\/product\/71240"}],"collection":[{"href":"https:\/\/www.laperlavalles.cat\/ca\/wp-json\/wp\/v2\/product"}],"about":[{"href":"https:\/\/www.laperlavalles.cat\/ca\/wp-json\/wp\/v2\/types\/product"}],"replies":[{"embeddable":true,"href":"https:\/\/www.laperlavalles.cat\/ca\/wp-json\/wp\/v2\/comments?post=71240"}],"wp:featuredmedia":[{"embeddable":true,"href":"https:\/\/www.laperlavalles.cat\/ca\/wp-json\/wp\/v2\/media\/165281"}],"wp:attachment":[{"href":"https:\/\/www.laperlavalles.cat\/ca\/wp-json\/wp\/v2\/media?parent=71240"}],"wp:term":[{"taxonomy":"product_cat","embeddable":true,"href":"https:\/\/www.laperlavalles.cat\/ca\/wp-json\/wp\/v2\/product_cat?post=71240"},{"taxonomy":"product_tag","embeddable":true,"href":"https:\/\/www.laperlavalles.cat\/ca\/wp-json\/wp\/v2\/product_tag?post=71240"}],"curies":[{"name":"wp","href":"https:\/\/api.w.org\/{rel}","templated":true}]}}

BIGEN TINT PERMANENT EN POLS CASTANY MIG- Nº56

<p>El tint permanent Bigen és ideal per als que busquen una cobertura excel·lent i duradora dels cabells blancs o per realçar-ne el color natural. Una fórmula provada durant més de 30 anys que garanteix resultats efectius, la fórmula única en pols s&#8217;activa amb l&#8217;aigua i diposita un color ric i d&#8217;aspecte natural fins i tot als cabells blancs més rebels. Sense necessitat d&#8217;amoníac, aquest tint de dipòsit és l&#8217;opció més suau per obtenir un color intens i una brillantor òptima, independentment del color natural del cabell, la consistència, l&#8217;estat, la longitud o l&#8217;estil.</p>

<p>El tint permanent Bigen és ideal per als que busquen una cobertura excel·lent i duradora dels cabells blancs o per realçar-ne el color natural. Una fórmula<span class="excerpt-hellip"> […]</span></p>
