{"id":71300,"date":"2021-07-12T22:19:07","date_gmt":"2021-07-12T20:19:11","guid":{"rendered":"https:\/\/www.laperlavalles2.bcntic.com\/product\/tint-bigen-59\/"},"modified":"2024-07-10T10:22:15","modified_gmt":"2024-07-10T08:22:15","slug":"tint-bigen-59","status":"publish","type":"product","link":"https:\/\/www.laperlavalles.cat\/ca\/producte\/tint-bigen-59\/","title":{"rendered":"BIGEN TINT PERMANENT EN POLS NEGRE ORIENTAL &#8211; N\u00ba59"},"content":{"rendered":"<p>Bigen \u00e9s un tint permanent en pols, sense amon\u00edac i barrejat nom\u00e9s amb aigua natural. \u00c9s suau amb els cabells gr\u00e0cies a una f\u00f3rmula desenvolupada amb tecnologia japonesa a base d&#8217;extractes naturals.<\/p>\n","protected":false},"excerpt":{"rendered":"<p>Bigen \u00e9s un tint permanent en pols, sense amon\u00edac i barrejat nom\u00e9s amb aigua natural. \u00c9s suau amb els cabells gr\u00e0cies a una f\u00f3rmula desenvolupada amb<span class=\"excerpt-hellip\"> [\u2026]<\/span><\/p>\n","protected":false},"featured_media":165329,"comment_status":"open","ping_status":"closed","template":"","meta":[],"product_cat":[8423,24329],"product_tag":[],"_links":{"self":[{"href":"https:\/\/www.laperlavalles.cat\/ca\/wp-json\/wp\/v2\/product\/71300"}],"collection":[{"href":"https:\/\/www.laperlavalles.cat\/ca\/wp-json\/wp\/v2\/product"}],"about":[{"href":"https:\/\/www.laperlavalles.cat\/ca\/wp-json\/wp\/v2\/types\/product"}],"replies":[{"embeddable":true,"href":"https:\/\/www.laperlavalles.cat\/ca\/wp-json\/wp\/v2\/comments?post=71300"}],"wp:featuredmedia":[{"embeddable":true,"href":"https:\/\/www.laperlavalles.cat\/ca\/wp-json\/wp\/v2\/media\/165329"}],"wp:attachment":[{"href":"https:\/\/www.laperlavalles.cat\/ca\/wp-json\/wp\/v2\/media?parent=71300"}],"wp:term":[{"taxonomy":"product_cat","embeddable":true,"href":"https:\/\/www.laperlavalles.cat\/ca\/wp-json\/wp\/v2\/product_cat?post=71300"},{"taxonomy":"product_tag","embeddable":true,"href":"https:\/\/www.laperlavalles.cat\/ca\/wp-json\/wp\/v2\/product_tag?post=71300"}],"curies":[{"name":"wp","href":"https:\/\/api.w.org\/{rel}","templated":true}]}}

BIGEN TINT PERMANENT EN POLS NEGRE ORIENTAL &#8211; Nº59

<p>Bigen és un tint permanent en pols, sense amoníac i barrejat només amb aigua natural. És suau amb els cabells gràcies a una fórmula desenvolupada amb tecnologia japonesa a base d&#8217;extractes naturals.</p>

<p>Bigen és un tint permanent en pols, sense amoníac i barrejat només amb aigua natural. És suau amb els cabells gràcies a una fórmula desenvolupada amb<span class="excerpt-hellip"> […]</span></p>
