{"id":71920,"date":"2021-07-12T22:30:52","date_gmt":"2021-07-12T20:30:56","guid":{"rendered":"https:\/\/www.laperlavalles2.bcntic.com\/product\/acondicionador-hidratant-sense-sulfats-cantu\/"},"modified":"2024-09-12T14:11:18","modified_gmt":"2024-09-12T12:11:18","slug":"acondicionador-hidratant-sense-sulfats-cantu","status":"publish","type":"product","link":"https:\/\/www.laperlavalles.cat\/ca\/producte\/acondicionador-hidratant-sense-sulfats-cantu\/","title":{"rendered":"CANTU NAT COND COWASH"},"content":{"rendered":"<p>Neteja suaument els r\u00ednxols i el cuir cabellut, eliminant l&#8217;acumulaci\u00f3 de productes. \u00c9s una barreja \u00fanica de mantegues i olis naturals aporten humitat.<\/p>\n","protected":false},"excerpt":{"rendered":"<p>Neteja suaument els r\u00ednxols i el cuir cabellut, eliminant l&#8217;acumulaci\u00f3 de productes. \u00c9s una barreja \u00fanica de mantegues i olis naturals aporten humitat.<\/p>\n","protected":false},"featured_media":166001,"comment_status":"open","ping_status":"closed","template":"","meta":[],"product_cat":[10617],"product_tag":[],"_links":{"self":[{"href":"https:\/\/www.laperlavalles.cat\/ca\/wp-json\/wp\/v2\/product\/71920"}],"collection":[{"href":"https:\/\/www.laperlavalles.cat\/ca\/wp-json\/wp\/v2\/product"}],"about":[{"href":"https:\/\/www.laperlavalles.cat\/ca\/wp-json\/wp\/v2\/types\/product"}],"replies":[{"embeddable":true,"href":"https:\/\/www.laperlavalles.cat\/ca\/wp-json\/wp\/v2\/comments?post=71920"}],"wp:featuredmedia":[{"embeddable":true,"href":"https:\/\/www.laperlavalles.cat\/ca\/wp-json\/wp\/v2\/media\/166001"}],"wp:attachment":[{"href":"https:\/\/www.laperlavalles.cat\/ca\/wp-json\/wp\/v2\/media?parent=71920"}],"wp:term":[{"taxonomy":"product_cat","embeddable":true,"href":"https:\/\/www.laperlavalles.cat\/ca\/wp-json\/wp\/v2\/product_cat?post=71920"},{"taxonomy":"product_tag","embeddable":true,"href":"https:\/\/www.laperlavalles.cat\/ca\/wp-json\/wp\/v2\/product_tag?post=71920"}],"curies":[{"name":"wp","href":"https:\/\/api.w.org\/{rel}","templated":true}]}}

<p>Neteja suaument els rínxols i el cuir cabellut, eliminant l&#8217;acumulació de productes. És una barreja única de mantegues i olis naturals aporten humitat.</p>
