{"id":72200,"date":"2021-07-12T22:36:11","date_gmt":"2021-07-12T20:36:16","guid":{"rendered":"https:\/\/www.laperlavalles2.bcntic.com\/product\/vaselina-250gr\/"},"modified":"2025-07-03T10:43:33","modified_gmt":"2025-07-03T08:43:33","slug":"vaselina-250gr","status":"publish","type":"product","link":"https:\/\/www.laperlavalles.cat\/ca\/producte\/vaselina-250gr\/","title":{"rendered":"VASELINA 250GR"},"content":{"rendered":"<p>Vaselina pura de 250g, elaborada amb 100% petrolatum triple purificat. Hipoal\u00b7lerg\u00f2gena i no comedog\u00e8nica, \u00e9s ideal per protegir, hidratar i reparar la pell seca, esquerdada o irritada. Ajuda a guarir petites ferides, cremades, rascades, llavis tallats, mans aspres, irritacions i zones exposades al fred o la fricci\u00f3. Forma una barrera que segella la humitat i afavoreix la recuperaci\u00f3 de la pell. Apte per a tot tipus de pell, inclosa la dels nadons<\/p>\n","protected":false},"excerpt":{"rendered":"<p>Vaselina pura de 250g, elaborada amb 100% petrolatum triple purificat. Hipoal\u00b7lerg\u00f2gena i no comedog\u00e8nica, \u00e9s ideal per protegir, hidratar i reparar la pell seca, esquerdada o<span class=\"excerpt-hellip\"> [\u2026]<\/span><\/p>\n","protected":false},"featured_media":169782,"comment_status":"open","ping_status":"closed","template":"","meta":[],"product_cat":[8423,8522],"product_tag":[],"_links":{"self":[{"href":"https:\/\/www.laperlavalles.cat\/ca\/wp-json\/wp\/v2\/product\/72200"}],"collection":[{"href":"https:\/\/www.laperlavalles.cat\/ca\/wp-json\/wp\/v2\/product"}],"about":[{"href":"https:\/\/www.laperlavalles.cat\/ca\/wp-json\/wp\/v2\/types\/product"}],"replies":[{"embeddable":true,"href":"https:\/\/www.laperlavalles.cat\/ca\/wp-json\/wp\/v2\/comments?post=72200"}],"wp:featuredmedia":[{"embeddable":true,"href":"https:\/\/www.laperlavalles.cat\/ca\/wp-json\/wp\/v2\/media\/169782"}],"wp:attachment":[{"href":"https:\/\/www.laperlavalles.cat\/ca\/wp-json\/wp\/v2\/media?parent=72200"}],"wp:term":[{"taxonomy":"product_cat","embeddable":true,"href":"https:\/\/www.laperlavalles.cat\/ca\/wp-json\/wp\/v2\/product_cat?post=72200"},{"taxonomy":"product_tag","embeddable":true,"href":"https:\/\/www.laperlavalles.cat\/ca\/wp-json\/wp\/v2\/product_tag?post=72200"}],"curies":[{"name":"wp","href":"https:\/\/api.w.org\/{rel}","templated":true}]}}

<p>Vaselina pura de 250g, elaborada amb 100% petrolatum triple purificat. Hipoal·lergògena i no comedogènica, és ideal per protegir, hidratar i reparar la pell seca, esquerdada o irritada. Ajuda a guarir petites ferides, cremades, rascades, llavis tallats, mans aspres, irritacions i zones exposades al fred o la fricció. Forma una barrera que segella la humitat i afavoreix la recuperació de la pell. Apte per a tot tipus de pell, inclosa la dels nadons</p>

<p>Vaselina pura de 250g, elaborada amb 100% petrolatum triple purificat. Hipoal·lergògena i no comedogènica, és ideal per protegir, hidratar i reparar la pell seca, esquerdada o<span class="excerpt-hellip"> […]</span></p>
