{"id":74220,"date":"2021-07-12T23:11:30","date_gmt":"2021-07-12T21:11:34","guid":{"rendered":"https:\/\/www.laperlavalles2.bcntic.com\/product\/tomaquet-concentrat-domtomate-800gr\/"},"modified":"2023-06-23T08:12:35","modified_gmt":"2023-06-23T06:12:35","slug":"tomaquet-concentrat-domtomate-800gr","status":"publish","type":"product","link":"https:\/\/www.laperlavalles.cat\/ca\/producte\/tomaquet-concentrat-domtomate-800gr\/","title":{"rendered":"TOM\u00c0QUET CONCENTRAT DOMTOMATE 800GR"},"content":{"rendered":"<p>El tom\u00e0quet concentrat Domtomate \u00e9s un concentrat de tom\u00e0quet amb la millor relaci\u00f3 qualitat \/ preu. Si vols distribuir tom\u00e0quet concentrat contacta amb La Perla.<\/p>\n","protected":false},"excerpt":{"rendered":"<p>El tom\u00e0quet concentrat Domtomate \u00e9s un concentrat de tom\u00e0quet amb la millor relaci\u00f3 qualitat \/ preu. Si vols distribuir tom\u00e0quet concentrat contacta amb La Perla.<\/p>\n","protected":false},"featured_media":157550,"comment_status":"open","ping_status":"closed","template":"","meta":[],"product_cat":[8408],"product_tag":[],"_links":{"self":[{"href":"https:\/\/www.laperlavalles.cat\/ca\/wp-json\/wp\/v2\/product\/74220"}],"collection":[{"href":"https:\/\/www.laperlavalles.cat\/ca\/wp-json\/wp\/v2\/product"}],"about":[{"href":"https:\/\/www.laperlavalles.cat\/ca\/wp-json\/wp\/v2\/types\/product"}],"replies":[{"embeddable":true,"href":"https:\/\/www.laperlavalles.cat\/ca\/wp-json\/wp\/v2\/comments?post=74220"}],"wp:featuredmedia":[{"embeddable":true,"href":"https:\/\/www.laperlavalles.cat\/ca\/wp-json\/wp\/v2\/media\/157550"}],"wp:attachment":[{"href":"https:\/\/www.laperlavalles.cat\/ca\/wp-json\/wp\/v2\/media?parent=74220"}],"wp:term":[{"taxonomy":"product_cat","embeddable":true,"href":"https:\/\/www.laperlavalles.cat\/ca\/wp-json\/wp\/v2\/product_cat?post=74220"},{"taxonomy":"product_tag","embeddable":true,"href":"https:\/\/www.laperlavalles.cat\/ca\/wp-json\/wp\/v2\/product_tag?post=74220"}],"curies":[{"name":"wp","href":"https:\/\/api.w.org\/{rel}","templated":true}]}}

TOMÀQUET CONCENTRAT DOMTOMATE 800GR

<p>El tomàquet concentrat Domtomate és un concentrat de tomàquet amb la millor relació qualitat / preu. Si vols distribuir tomàquet concentrat contacta amb La Perla.</p>
