{"id":76300,"date":"2021-07-12T23:47:07","date_gmt":"2021-07-12T21:47:11","guid":{"rendered":"https:\/\/www.laperlavalles2.bcntic.com\/product\/nectar-de-mango-mocitos-15l\/"},"modified":"2023-06-26T14:58:42","modified_gmt":"2023-06-26T12:58:42","slug":"nectar-de-mango-mocitos-15l","status":"publish","type":"product","link":"https:\/\/www.laperlavalles.cat\/ca\/producte\/nectar-de-mango-mocitos-15l\/","title":{"rendered":"N\u00c8CTAR DE MANGO MOCITOS 1,5L"},"content":{"rendered":"<p>N\u00e8ctar Mocitos. N\u00e8ctar de multifruites sense sucres afegits. <\/p>\n","protected":false},"excerpt":{"rendered":"<p>N\u00e8ctar Mocitos. N\u00e8ctar de multifruites sense sucres afegits.<\/p>\n","protected":false},"featured_media":131832,"comment_status":"open","ping_status":"closed","template":"","meta":[],"product_cat":[8405,8527],"product_tag":[],"_links":{"self":[{"href":"https:\/\/www.laperlavalles.cat\/ca\/wp-json\/wp\/v2\/product\/76300"}],"collection":[{"href":"https:\/\/www.laperlavalles.cat\/ca\/wp-json\/wp\/v2\/product"}],"about":[{"href":"https:\/\/www.laperlavalles.cat\/ca\/wp-json\/wp\/v2\/types\/product"}],"replies":[{"embeddable":true,"href":"https:\/\/www.laperlavalles.cat\/ca\/wp-json\/wp\/v2\/comments?post=76300"}],"wp:featuredmedia":[{"embeddable":true,"href":"https:\/\/www.laperlavalles.cat\/ca\/wp-json\/wp\/v2\/media\/131832"}],"wp:attachment":[{"href":"https:\/\/www.laperlavalles.cat\/ca\/wp-json\/wp\/v2\/media?parent=76300"}],"wp:term":[{"taxonomy":"product_cat","embeddable":true,"href":"https:\/\/www.laperlavalles.cat\/ca\/wp-json\/wp\/v2\/product_cat?post=76300"},{"taxonomy":"product_tag","embeddable":true,"href":"https:\/\/www.laperlavalles.cat\/ca\/wp-json\/wp\/v2\/product_tag?post=76300"}],"curies":[{"name":"wp","href":"https:\/\/api.w.org\/{rel}","templated":true}]}}

NÈCTAR DE MANGO MOCITOS 1,5L

<p>Nèctar Mocitos. Nèctar de multifruites sense sucres afegits. </p>

<p>Nèctar Mocitos. Nèctar de multifruites sense sucres afegits.</p>
