{"id":76360,"date":"2021-07-12T23:48:04","date_gmt":"2021-07-12T21:48:08","guid":{"rendered":"https:\/\/www.laperlavalles2.bcntic.com\/product\/nectar-de-pera-mocitos-1l\/"},"modified":"2026-08-12T08:44:08","modified_gmt":"2026-08-12T06:44:08","slug":"nectar-de-pera-mocitos-1l","status":"publish","type":"product","link":"https:\/\/www.laperlavalles.cat\/ca\/producte\/nectar-de-pera-mocitos-1l\/","title":{"rendered":"N\u00c8CTAR DE PERA MOCITOS 1L"},"content":{"rendered":"<p>N\u00e8ctar Mocitos. N\u00e8ctar de pera sense sucres afegits.<\/p>\n","protected":false},"excerpt":{"rendered":"<p>N\u00e8ctar Mocitos. N\u00e8ctar de pera sense sucres afegits.<\/p>\n","protected":false},"featured_media":281772,"comment_status":"open","ping_status":"closed","template":"","meta":[],"product_cat":[8405,8528],"product_tag":[],"_links":{"self":[{"href":"https:\/\/www.laperlavalles.cat\/ca\/wp-json\/wp\/v2\/product\/76360"}],"collection":[{"href":"https:\/\/www.laperlavalles.cat\/ca\/wp-json\/wp\/v2\/product"}],"about":[{"href":"https:\/\/www.laperlavalles.cat\/ca\/wp-json\/wp\/v2\/types\/product"}],"replies":[{"embeddable":true,"href":"https:\/\/www.laperlavalles.cat\/ca\/wp-json\/wp\/v2\/comments?post=76360"}],"wp:featuredmedia":[{"embeddable":true,"href":"https:\/\/www.laperlavalles.cat\/ca\/wp-json\/wp\/v2\/media\/281772"}],"wp:attachment":[{"href":"https:\/\/www.laperlavalles.cat\/ca\/wp-json\/wp\/v2\/media?parent=76360"}],"wp:term":[{"taxonomy":"product_cat","embeddable":true,"href":"https:\/\/www.laperlavalles.cat\/ca\/wp-json\/wp\/v2\/product_cat?post=76360"},{"taxonomy":"product_tag","embeddable":true,"href":"https:\/\/www.laperlavalles.cat\/ca\/wp-json\/wp\/v2\/product_tag?post=76360"}],"curies":[{"name":"wp","href":"https:\/\/api.w.org\/{rel}","templated":true}]}}

NÈCTAR DE PERA MOCITOS 1L

<p>Nèctar Mocitos. Nèctar de pera sense sucres afegits.</p>
