{"id":76480,"date":"2021-07-12T23:49:58","date_gmt":"2021-07-12T21:50:02","guid":{"rendered":"https:\/\/www.laperlavalles2.bcntic.com\/product\/nectar-de-raim-vermell-mocitos-1l\/"},"modified":"2023-06-23T07:58:29","modified_gmt":"2023-06-23T05:58:29","slug":"nectar-de-raim-vermell-mocitos-1l-2","status":"publish","type":"product","link":"https:\/\/www.laperlavalles.cat\/ca\/producte\/nectar-de-raim-vermell-mocitos-1l-2\/","title":{"rendered":"N\u00c8CTAR DE RA\u00cfM VERMELL MOCITOS 1L"},"content":{"rendered":"<p>N\u00e8ctar Mocitos. N\u00e8ctar de ra\u00efm vermell sense sucres afegits.<\/p>\n","protected":false},"excerpt":{"rendered":"<p>N\u00e8ctar Mocitos. N\u00e8ctar de ra\u00efm vermell sense sucres afegits.<\/p>\n","protected":false},"featured_media":156905,"comment_status":"open","ping_status":"closed","template":"","meta":[],"product_cat":[8405,8528],"product_tag":[],"_links":{"self":[{"href":"https:\/\/www.laperlavalles.cat\/ca\/wp-json\/wp\/v2\/product\/76480"}],"collection":[{"href":"https:\/\/www.laperlavalles.cat\/ca\/wp-json\/wp\/v2\/product"}],"about":[{"href":"https:\/\/www.laperlavalles.cat\/ca\/wp-json\/wp\/v2\/types\/product"}],"replies":[{"embeddable":true,"href":"https:\/\/www.laperlavalles.cat\/ca\/wp-json\/wp\/v2\/comments?post=76480"}],"wp:featuredmedia":[{"embeddable":true,"href":"https:\/\/www.laperlavalles.cat\/ca\/wp-json\/wp\/v2\/media\/156905"}],"wp:attachment":[{"href":"https:\/\/www.laperlavalles.cat\/ca\/wp-json\/wp\/v2\/media?parent=76480"}],"wp:term":[{"taxonomy":"product_cat","embeddable":true,"href":"https:\/\/www.laperlavalles.cat\/ca\/wp-json\/wp\/v2\/product_cat?post=76480"},{"taxonomy":"product_tag","embeddable":true,"href":"https:\/\/www.laperlavalles.cat\/ca\/wp-json\/wp\/v2\/product_tag?post=76480"}],"curies":[{"name":"wp","href":"https:\/\/api.w.org\/{rel}","templated":true}]}}

NÈCTAR DE RAÏM VERMELL MOCITOS 1L

<p>Nèctar Mocitos. Nèctar de raïm vermell sense sucres afegits.</p>
