{"id":80540,"date":"2021-07-13T01:08:30","date_gmt":"2021-07-12T23:08:34","guid":{"rendered":"https:\/\/www.laperlavalles2.bcntic.com\/product\/farina-darros-glutinos-aroy-d-25kg\/"},"modified":"2023-06-23T11:42:36","modified_gmt":"2023-06-23T09:42:36","slug":"farina-darros-glutinos-aroy-d-25kg","status":"publish","type":"product","link":"https:\/\/www.laperlavalles.cat\/ca\/producte\/farina-darros-glutinos-aroy-d-25kg\/","title":{"rendered":"FARINA D&#8217;ARR\u00d2S GLUTIN\u00d2S AROY-D 25KG"},"content":{"rendered":"<p>Farina d&#8217;arr\u00f2s glutin\u00f3s Aroy-D.<br \/>\nLa Perla \u00e9s prove\u00efdor de farina d&#8217;arr\u00f2s.<\/p>\n","protected":false},"excerpt":{"rendered":"<p>Farina d&#8217;arr\u00f2s glutin\u00f3s Aroy-D. La Perla \u00e9s prove\u00efdor de farina d&#8217;arr\u00f2s.<\/p>\n","protected":false},"featured_media":167025,"comment_status":"open","ping_status":"closed","template":"","meta":[],"product_cat":[8417,8533],"product_tag":[],"_links":{"self":[{"href":"https:\/\/www.laperlavalles.cat\/ca\/wp-json\/wp\/v2\/product\/80540"}],"collection":[{"href":"https:\/\/www.laperlavalles.cat\/ca\/wp-json\/wp\/v2\/product"}],"about":[{"href":"https:\/\/www.laperlavalles.cat\/ca\/wp-json\/wp\/v2\/types\/product"}],"replies":[{"embeddable":true,"href":"https:\/\/www.laperlavalles.cat\/ca\/wp-json\/wp\/v2\/comments?post=80540"}],"wp:featuredmedia":[{"embeddable":true,"href":"https:\/\/www.laperlavalles.cat\/ca\/wp-json\/wp\/v2\/media\/167025"}],"wp:attachment":[{"href":"https:\/\/www.laperlavalles.cat\/ca\/wp-json\/wp\/v2\/media?parent=80540"}],"wp:term":[{"taxonomy":"product_cat","embeddable":true,"href":"https:\/\/www.laperlavalles.cat\/ca\/wp-json\/wp\/v2\/product_cat?post=80540"},{"taxonomy":"product_tag","embeddable":true,"href":"https:\/\/www.laperlavalles.cat\/ca\/wp-json\/wp\/v2\/product_tag?post=80540"}],"curies":[{"name":"wp","href":"https:\/\/api.w.org\/{rel}","templated":true}]}}

FARINA D&#8217;ARRÒS GLUTINÒS AROY-D 25KG

<p>Farina d&#8217;arròs glutinós Aroy-D.<br />
La Perla és proveïdor de farina d&#8217;arròs.</p>

<p>Farina d&#8217;arròs glutinós Aroy-D. La Perla és proveïdor de farina d&#8217;arròs.</p>
