{"id":80580,"date":"2021-07-13T01:09:08","date_gmt":"2021-07-12T23:09:13","guid":{"rendered":"https:\/\/www.laperlavalles2.bcntic.com\/product\/farina-darros-glutinos-aroy-d-400g\/"},"modified":"2023-06-26T15:07:43","modified_gmt":"2023-06-26T13:07:43","slug":"farina-darros-glutinos-aroy-d-400g","status":"publish","type":"product","link":"https:\/\/www.laperlavalles.cat\/ca\/producte\/farina-darros-glutinos-aroy-d-400g\/","title":{"rendered":"FARINA D&#8217;ARR\u00d2S GLUTIN\u00d2S AROY-D 400g"},"content":{"rendered":"<p>Farina d&#8217;arr\u00f2s glutin\u00f3s Aroy-D.<br \/>\nLa Perla \u00e9s prove\u00efdor de farina d&#8217;arr\u00f2s.<\/p>\n","protected":false},"excerpt":{"rendered":"<p>Farina d&#8217;arr\u00f2s glutin\u00f3s Aroy-D. La Perla \u00e9s prove\u00efdor de farina d&#8217;arr\u00f2s.<\/p>\n","protected":false},"featured_media":145885,"comment_status":"open","ping_status":"closed","template":"","meta":[],"product_cat":[8417,8533],"product_tag":[],"_links":{"self":[{"href":"https:\/\/www.laperlavalles.cat\/ca\/wp-json\/wp\/v2\/product\/80580"}],"collection":[{"href":"https:\/\/www.laperlavalles.cat\/ca\/wp-json\/wp\/v2\/product"}],"about":[{"href":"https:\/\/www.laperlavalles.cat\/ca\/wp-json\/wp\/v2\/types\/product"}],"replies":[{"embeddable":true,"href":"https:\/\/www.laperlavalles.cat\/ca\/wp-json\/wp\/v2\/comments?post=80580"}],"wp:featuredmedia":[{"embeddable":true,"href":"https:\/\/www.laperlavalles.cat\/ca\/wp-json\/wp\/v2\/media\/145885"}],"wp:attachment":[{"href":"https:\/\/www.laperlavalles.cat\/ca\/wp-json\/wp\/v2\/media?parent=80580"}],"wp:term":[{"taxonomy":"product_cat","embeddable":true,"href":"https:\/\/www.laperlavalles.cat\/ca\/wp-json\/wp\/v2\/product_cat?post=80580"},{"taxonomy":"product_tag","embeddable":true,"href":"https:\/\/www.laperlavalles.cat\/ca\/wp-json\/wp\/v2\/product_tag?post=80580"}],"curies":[{"name":"wp","href":"https:\/\/api.w.org\/{rel}","templated":true}]}}

FARINA D&#8217;ARRÒS GLUTINÒS AROY-D 400g

<p>Farina d&#8217;arròs glutinós Aroy-D.<br />
La Perla és proveïdor de farina d&#8217;arròs.</p>

<p>Farina d&#8217;arròs glutinós Aroy-D. La Perla és proveïdor de farina d&#8217;arròs.</p>
