{"id":81540,"date":"2021-07-13T01:26:37","date_gmt":"2021-07-12T23:26:41","guid":{"rendered":"https:\/\/www.laperlavalles2.bcntic.com\/product\/petit-cola-2\/"},"modified":"2023-06-26T15:10:20","modified_gmt":"2023-06-26T13:10:20","slug":"petit-cola-2","status":"publish","type":"product","link":"https:\/\/www.laperlavalles.cat\/ca\/producte\/petit-cola-2\/","title":{"rendered":"PETIT COLA"},"content":{"rendered":"<p>Nous de petit cola. La Perla \u00e9s importador d&#8217;alimentaci\u00f3 i distribu\u00efdor d&#8217;alimentaci\u00f3 global. Tenim un ampli cat\u00e0leg de fruita i verdura fresca llatina i fruita i verdura fresca africana.<\/p>\n","protected":false},"excerpt":{"rendered":"<p>Nous de petit cola. La Perla \u00e9s importador d&#8217;alimentaci\u00f3 i distribu\u00efdor d&#8217;alimentaci\u00f3 global. Tenim un ampli cat\u00e0leg de fruita i verdura fresca llatina i fruita i<span class=\"excerpt-hellip\"> [\u2026]<\/span><\/p>\n","protected":false},"featured_media":147026,"comment_status":"open","ping_status":"closed","template":"","meta":[],"product_cat":[8422,8537],"product_tag":[],"_links":{"self":[{"href":"https:\/\/www.laperlavalles.cat\/ca\/wp-json\/wp\/v2\/product\/81540"}],"collection":[{"href":"https:\/\/www.laperlavalles.cat\/ca\/wp-json\/wp\/v2\/product"}],"about":[{"href":"https:\/\/www.laperlavalles.cat\/ca\/wp-json\/wp\/v2\/types\/product"}],"replies":[{"embeddable":true,"href":"https:\/\/www.laperlavalles.cat\/ca\/wp-json\/wp\/v2\/comments?post=81540"}],"wp:featuredmedia":[{"embeddable":true,"href":"https:\/\/www.laperlavalles.cat\/ca\/wp-json\/wp\/v2\/media\/147026"}],"wp:attachment":[{"href":"https:\/\/www.laperlavalles.cat\/ca\/wp-json\/wp\/v2\/media?parent=81540"}],"wp:term":[{"taxonomy":"product_cat","embeddable":true,"href":"https:\/\/www.laperlavalles.cat\/ca\/wp-json\/wp\/v2\/product_cat?post=81540"},{"taxonomy":"product_tag","embeddable":true,"href":"https:\/\/www.laperlavalles.cat\/ca\/wp-json\/wp\/v2\/product_tag?post=81540"}],"curies":[{"name":"wp","href":"https:\/\/api.w.org\/{rel}","templated":true}]}}

<p>Nous de petit cola. La Perla és importador d&#8217;alimentació i distribuïdor d&#8217;alimentació global. Tenim un ampli catàleg de fruita i verdura fresca llatina i fruita i verdura fresca africana.</p>

<p>Nous de petit cola. La Perla és importador d&#8217;alimentació i distribuïdor d&#8217;alimentació global. Tenim un ampli catàleg de fruita i verdura fresca llatina i fruita i<span class="excerpt-hellip"> […]</span></p>
