{"id":116070,"date":"2022-02-18T17:20:52","date_gmt":"2022-02-18T16:21:03","guid":{"rendered":"https:\/\/www.laperlavalles.cat\/product\/cebolla-frita-aroy-d-227g\/"},"modified":"2024-11-28T10:40:34","modified_gmt":"2024-11-28T09:40:34","slug":"cebolla-frita-aroy-d-227g","status":"publish","type":"product","link":"https:\/\/www.laperlavalles.cat\/es\/product\/cebolla-frita-aroy-d-227g\/","title":{"rendered":"CEBOLLA FRITA AROY-D 227G"},"content":{"rendered":"<p>Distribuimos alimentaci\u00f3n oriental y alimentaci\u00f3n africana. Consulta en nuestro cat\u00e1logo todos los productos: salsas orientales, comida oriental, bebidas, zumos, infusiones&#8230;<\/p>\n","protected":false},"excerpt":{"rendered":"<p>Distribuimos alimentaci\u00f3n oriental y alimentaci\u00f3n africana. Consulta en nuestro cat\u00e1logo todos los productos: salsas orientales, comida oriental, bebidas, zumos, infusiones&#8230;<\/p>\n","protected":false},"featured_media":143372,"comment_status":"open","ping_status":"closed","template":"","meta":[],"product_cat":[10618],"product_tag":[],"_links":{"self":[{"href":"https:\/\/www.laperlavalles.cat\/es\/wp-json\/wp\/v2\/product\/116070"}],"collection":[{"href":"https:\/\/www.laperlavalles.cat\/es\/wp-json\/wp\/v2\/product"}],"about":[{"href":"https:\/\/www.laperlavalles.cat\/es\/wp-json\/wp\/v2\/types\/product"}],"replies":[{"embeddable":true,"href":"https:\/\/www.laperlavalles.cat\/es\/wp-json\/wp\/v2\/comments?post=116070"}],"wp:featuredmedia":[{"embeddable":true,"href":"https:\/\/www.laperlavalles.cat\/es\/wp-json\/wp\/v2\/media\/143372"}],"wp:attachment":[{"href":"https:\/\/www.laperlavalles.cat\/es\/wp-json\/wp\/v2\/media?parent=116070"}],"wp:term":[{"taxonomy":"product_cat","embeddable":true,"href":"https:\/\/www.laperlavalles.cat\/es\/wp-json\/wp\/v2\/product_cat?post=116070"},{"taxonomy":"product_tag","embeddable":true,"href":"https:\/\/www.laperlavalles.cat\/es\/wp-json\/wp\/v2\/product_tag?post=116070"}],"curies":[{"name":"wp","href":"https:\/\/api.w.org\/{rel}","templated":true}]}}

<p>Distribuimos alimentación oriental y alimentación africana. Consulta en nuestro catálogo todos los productos: salsas orientales, comida oriental, bebidas, zumos, infusiones&#8230;</p>
