{"id":117451,"date":"2022-02-18T19:07:33","date_gmt":"2022-02-18T18:07:43","guid":{"rendered":"https:\/\/www.laperlavalles.cat\/product\/kuza-indian-hemp-8oz\/"},"modified":"2023-04-06T16:53:58","modified_gmt":"2023-04-06T14:53:58","slug":"kuza-indian-hemp-8oz","status":"publish","type":"product","link":"https:\/\/www.laperlavalles.cat\/es\/product\/kuza-indian-hemp-8oz\/","title":{"rendered":"KUZA INDIAN HEMP 8OZ"},"content":{"rendered":"<p>Kuza indian hemp 8oz es una crema hidratante y reparadora para el cabello texturizado.<br \/>\nEs una vaselina para el cabello y el cuero cabelludo espec\u00edficamente formulado con c\u00e1\u00f1amo indio y aceites (coco, almendras dulces y aguacate) que trabajan arduamente para suavizar, suavizar y sellar la humedad, promoviendo un cabello y un crecimiento m\u00e1s saludables.<br \/>\nLa Perla es proveedor de productos cosm\u00e9ticos para piel y cabello, sobretodo para cabello curly.<\/p>\n","protected":false},"excerpt":{"rendered":"<p>Kuza indian hemp 8oz es una crema hidratante y reparadora para el cabello texturizado. Es una vaselina para el cabello y el cuero cabelludo espec\u00edficamente formulado<span class=\"excerpt-hellip\"> [\u2026]<\/span><\/p>\n","protected":false},"featured_media":144375,"comment_status":"open","ping_status":"closed","template":"","meta":[],"product_cat":[8403,24330],"product_tag":[],"_links":{"self":[{"href":"https:\/\/www.laperlavalles.cat\/es\/wp-json\/wp\/v2\/product\/117451"}],"collection":[{"href":"https:\/\/www.laperlavalles.cat\/es\/wp-json\/wp\/v2\/product"}],"about":[{"href":"https:\/\/www.laperlavalles.cat\/es\/wp-json\/wp\/v2\/types\/product"}],"replies":[{"embeddable":true,"href":"https:\/\/www.laperlavalles.cat\/es\/wp-json\/wp\/v2\/comments?post=117451"}],"wp:featuredmedia":[{"embeddable":true,"href":"https:\/\/www.laperlavalles.cat\/es\/wp-json\/wp\/v2\/media\/144375"}],"wp:attachment":[{"href":"https:\/\/www.laperlavalles.cat\/es\/wp-json\/wp\/v2\/media?parent=117451"}],"wp:term":[{"taxonomy":"product_cat","embeddable":true,"href":"https:\/\/www.laperlavalles.cat\/es\/wp-json\/wp\/v2\/product_cat?post=117451"},{"taxonomy":"product_tag","embeddable":true,"href":"https:\/\/www.laperlavalles.cat\/es\/wp-json\/wp\/v2\/product_tag?post=117451"}],"curies":[{"name":"wp","href":"https:\/\/api.w.org\/{rel}","templated":true}]}}

<p>Kuza indian hemp 8oz es una crema hidratante y reparadora para el cabello texturizado.<br />
Es una vaselina para el cabello y el cuero cabelludo específicamente formulado con cáñamo indio y aceites (coco, almendras dulces y aguacate) que trabajan arduamente para suavizar, suavizar y sellar la humedad, promoviendo un cabello y un crecimiento más saludables.<br />
La Perla es proveedor de productos cosméticos para piel y cabello, sobretodo para cabello curly.</p>

<p>Kuza indian hemp 8oz es una crema hidratante y reparadora para el cabello texturizado. Es una vaselina para el cabello y el cuero cabelludo específicamente formulado<span class="excerpt-hellip"> […]</span></p>
