{"id":117511,"date":"2022-02-18T19:08:48","date_gmt":"2022-02-18T18:08:58","guid":{"rendered":"https:\/\/www.laperlavalles.cat\/product\/kuza-hair-food-extra-dry-8oz\/"},"modified":"2024-04-16T19:41:52","modified_gmt":"2024-04-16T17:41:52","slug":"kuza-hair-food-extra-dry-8oz","status":"publish","type":"product","link":"https:\/\/www.laperlavalles.cat\/es\/product\/kuza-hair-food-extra-dry-8oz\/","title":{"rendered":"KUZA HAIR FOOD EXTRA-DRY 8OZ"},"content":{"rendered":"<p>El kuza hair food es un producto cosm\u00e9tico para el cabello. Una mezcla de aceites esenciales y vitaminas, formulada especialmente para el cabello da\u00f1ado y maltratado. El Kuza hair food Extra-dry est\u00e1 enriquecido con vitaminas A&amp;E y aceite de germen de trigo. Sella la humedad para evitar la sequedad y la rotura. Ideal para cabello afro y cabello texturizado.<\/p>\n","protected":false},"excerpt":{"rendered":"<p>El kuza hair food es un producto cosm\u00e9tico para el cabello. Una mezcla de aceites esenciales y vitaminas, formulada especialmente para el cabello da\u00f1ado y maltratado.<span class=\"excerpt-hellip\"> [\u2026]<\/span><\/p>\n","protected":false},"featured_media":144423,"comment_status":"open","ping_status":"closed","template":"","meta":[],"product_cat":[8403,24330],"product_tag":[],"_links":{"self":[{"href":"https:\/\/www.laperlavalles.cat\/es\/wp-json\/wp\/v2\/product\/117511"}],"collection":[{"href":"https:\/\/www.laperlavalles.cat\/es\/wp-json\/wp\/v2\/product"}],"about":[{"href":"https:\/\/www.laperlavalles.cat\/es\/wp-json\/wp\/v2\/types\/product"}],"replies":[{"embeddable":true,"href":"https:\/\/www.laperlavalles.cat\/es\/wp-json\/wp\/v2\/comments?post=117511"}],"wp:featuredmedia":[{"embeddable":true,"href":"https:\/\/www.laperlavalles.cat\/es\/wp-json\/wp\/v2\/media\/144423"}],"wp:attachment":[{"href":"https:\/\/www.laperlavalles.cat\/es\/wp-json\/wp\/v2\/media?parent=117511"}],"wp:term":[{"taxonomy":"product_cat","embeddable":true,"href":"https:\/\/www.laperlavalles.cat\/es\/wp-json\/wp\/v2\/product_cat?post=117511"},{"taxonomy":"product_tag","embeddable":true,"href":"https:\/\/www.laperlavalles.cat\/es\/wp-json\/wp\/v2\/product_tag?post=117511"}],"curies":[{"name":"wp","href":"https:\/\/api.w.org\/{rel}","templated":true}]}}

<p>El kuza hair food es un producto cosmético para el cabello. Una mezcla de aceites esenciales y vitaminas, formulada especialmente para el cabello dañado y maltratado. El Kuza hair food Extra-dry está enriquecido con vitaminas A&amp;E y aceite de germen de trigo. Sella la humedad para evitar la sequedad y la rotura. Ideal para cabello afro y cabello texturizado.</p>

<p>El kuza hair food es un producto cosmético para el cabello. Una mezcla de aceites esenciales y vitaminas, formulada especialmente para el cabello dañado y maltratado.<span class="excerpt-hellip"> […]</span></p>
