{"id":118959,"date":"2022-05-20T12:18:54","date_gmt":"2022-05-20T10:19:06","guid":{"rendered":"https:\/\/www.laperlavalles.cat\/product\/cantu-acc-smooth-thick-hair-paddle-brush\/"},"modified":"2024-10-16T15:12:56","modified_gmt":"2024-10-16T13:12:56","slug":"cantu-acc-smooth-thick-hair-paddle-brush","status":"publish","type":"product","link":"https:\/\/www.laperlavalles.cat\/es\/product\/cantu-acc-smooth-thick-hair-paddle-brush\/","title":{"rendered":"CANTU ACC SMOOTH THICK HAIR PADDLE BRUSH"},"content":{"rendered":"<p>Este cepillo alisador de cerdas de jabal\u00ed est\u00e1 dise\u00f1ado con cerdas m\u00e1s largas para llegar m\u00e1s lejos en el cabello y conseguir un acabado m\u00e1s suave.  Dise\u00f1ado para cabellos gruesos, rizados y espesos, con cerdas naturales de jabal\u00ed que distribuyen los aceites naturales por las hebras para realzar el brillo.  Ideal para peinados con secador y para desenredar el pelo largo y grueso.<\/p>\n","protected":false},"excerpt":{"rendered":"<p>Este cepillo alisador de cerdas de jabal\u00ed est\u00e1 dise\u00f1ado con cerdas m\u00e1s largas para llegar m\u00e1s lejos en el cabello y conseguir un acabado m\u00e1s suave.<span class=\"excerpt-hellip\"> [\u2026]<\/span><\/p>\n","protected":false},"featured_media":173736,"comment_status":"open","ping_status":"closed","template":"","meta":[],"product_cat":[10618],"product_tag":[],"_links":{"self":[{"href":"https:\/\/www.laperlavalles.cat\/es\/wp-json\/wp\/v2\/product\/118959"}],"collection":[{"href":"https:\/\/www.laperlavalles.cat\/es\/wp-json\/wp\/v2\/product"}],"about":[{"href":"https:\/\/www.laperlavalles.cat\/es\/wp-json\/wp\/v2\/types\/product"}],"replies":[{"embeddable":true,"href":"https:\/\/www.laperlavalles.cat\/es\/wp-json\/wp\/v2\/comments?post=118959"}],"wp:featuredmedia":[{"embeddable":true,"href":"https:\/\/www.laperlavalles.cat\/es\/wp-json\/wp\/v2\/media\/173736"}],"wp:attachment":[{"href":"https:\/\/www.laperlavalles.cat\/es\/wp-json\/wp\/v2\/media?parent=118959"}],"wp:term":[{"taxonomy":"product_cat","embeddable":true,"href":"https:\/\/www.laperlavalles.cat\/es\/wp-json\/wp\/v2\/product_cat?post=118959"},{"taxonomy":"product_tag","embeddable":true,"href":"https:\/\/www.laperlavalles.cat\/es\/wp-json\/wp\/v2\/product_tag?post=118959"}],"curies":[{"name":"wp","href":"https:\/\/api.w.org\/{rel}","templated":true}]}}

<p>Este cepillo alisador de cerdas de jabalí está diseñado con cerdas más largas para llegar más lejos en el cabello y conseguir un acabado más suave.  Diseñado para cabellos gruesos, rizados y espesos, con cerdas naturales de jabalí que distribuyen los aceites naturales por las hebras para realzar el brillo.  Ideal para peinados con secador y para desenredar el pelo largo y grueso.</p>

<p>Este cepillo alisador de cerdas de jabalí está diseñado con cerdas más largas para llegar más lejos en el cabello y conseguir un acabado más suave.<span class="excerpt-hellip"> […]</span></p>
