{"id":118979,"date":"2022-05-20T12:19:22","date_gmt":"2022-05-20T10:19:33","guid":{"rendered":"https:\/\/www.laperlavalles.cat\/product\/cantu-acc-updo-natural-bristle-brush\/"},"modified":"2024-07-04T15:52:15","modified_gmt":"2024-07-04T13:52:15","slug":"cantu-acc-updo-natural-bristle-brush","status":"publish","type":"product","link":"https:\/\/www.laperlavalles.cat\/es\/product\/cantu-acc-updo-natural-bristle-brush\/","title":{"rendered":"CANTU ACC UPDO NATURAL BRISTLE BRUSH"},"content":{"rendered":"<p>Este cepillo de cerdas de jabal\u00ed es estrecho para alisar f\u00e1cilmente el cabello en un recogido. Dise\u00f1ado con cerdas naturales firmes para ayudar a alisar el cabello y distribuir los aceites naturales del cuero cabelludo para realzar el brillo. Tama\u00f1o perfecto para llevar en el bolso.<\/p>\n","protected":false},"excerpt":{"rendered":"<p>Este cepillo de cerdas de jabal\u00ed es estrecho para alisar f\u00e1cilmente el cabello en un recogido. Dise\u00f1ado con cerdas naturales firmes para ayudar a alisar el<span class=\"excerpt-hellip\"> [\u2026]<\/span><\/p>\n","protected":false},"featured_media":173752,"comment_status":"open","ping_status":"closed","template":"","meta":[],"product_cat":[10618],"product_tag":[],"_links":{"self":[{"href":"https:\/\/www.laperlavalles.cat\/es\/wp-json\/wp\/v2\/product\/118979"}],"collection":[{"href":"https:\/\/www.laperlavalles.cat\/es\/wp-json\/wp\/v2\/product"}],"about":[{"href":"https:\/\/www.laperlavalles.cat\/es\/wp-json\/wp\/v2\/types\/product"}],"replies":[{"embeddable":true,"href":"https:\/\/www.laperlavalles.cat\/es\/wp-json\/wp\/v2\/comments?post=118979"}],"wp:featuredmedia":[{"embeddable":true,"href":"https:\/\/www.laperlavalles.cat\/es\/wp-json\/wp\/v2\/media\/173752"}],"wp:attachment":[{"href":"https:\/\/www.laperlavalles.cat\/es\/wp-json\/wp\/v2\/media?parent=118979"}],"wp:term":[{"taxonomy":"product_cat","embeddable":true,"href":"https:\/\/www.laperlavalles.cat\/es\/wp-json\/wp\/v2\/product_cat?post=118979"},{"taxonomy":"product_tag","embeddable":true,"href":"https:\/\/www.laperlavalles.cat\/es\/wp-json\/wp\/v2\/product_tag?post=118979"}],"curies":[{"name":"wp","href":"https:\/\/api.w.org\/{rel}","templated":true}]}}

<p>Este cepillo de cerdas de jabalí es estrecho para alisar fácilmente el cabello en un recogido. Diseñado con cerdas naturales firmes para ayudar a alisar el cabello y distribuir los aceites naturales del cuero cabelludo para realzar el brillo. Tamaño perfecto para llevar en el bolso.</p>

<p>Este cepillo de cerdas de jabalí es estrecho para alisar fácilmente el cabello en un recogido. Diseñado con cerdas naturales firmes para ayudar a alisar el<span class="excerpt-hellip"> […]</span></p>
