{"id":119099,"date":"2022-05-20T12:22:05","date_gmt":"2022-05-20T10:22:16","guid":{"rendered":"https:\/\/www.laperlavalles.cat\/product\/cantu-acc-sturdy-carbon-combs\/"},"modified":"2025-01-29T10:26:45","modified_gmt":"2025-01-29T09:26:45","slug":"cantu-acc-sturdy-carbon-combs","status":"publish","type":"product","link":"https:\/\/www.laperlavalles.cat\/es\/product\/cantu-acc-sturdy-carbon-combs\/","title":{"rendered":"CANTU ACC STURDY CARBON COMBS"},"content":{"rendered":"<p>Fabricado con material de fibra de carbono duradero que es m\u00e1s ligero y m\u00e1s fuerte que el pl\u00e1stico. Adem\u00e1s, elimina la electricidad est\u00e1tica.<br \/>\nAlisa el cabello desde las puntas hasta la ra\u00edz. El material resistente al calor facilita su uso despu\u00e9s de la plancha o el secador para alisar el cabello.<\/p>\n","protected":false},"excerpt":{"rendered":"<p>Fabricado con material de fibra de carbono duradero que es m\u00e1s ligero y m\u00e1s fuerte que el pl\u00e1stico. Adem\u00e1s, elimina la electricidad est\u00e1tica. Alisa el cabello<span class=\"excerpt-hellip\"> [\u2026]<\/span><\/p>\n","protected":false},"featured_media":173864,"comment_status":"open","ping_status":"closed","template":"","meta":[],"product_cat":[10618],"product_tag":[],"_links":{"self":[{"href":"https:\/\/www.laperlavalles.cat\/es\/wp-json\/wp\/v2\/product\/119099"}],"collection":[{"href":"https:\/\/www.laperlavalles.cat\/es\/wp-json\/wp\/v2\/product"}],"about":[{"href":"https:\/\/www.laperlavalles.cat\/es\/wp-json\/wp\/v2\/types\/product"}],"replies":[{"embeddable":true,"href":"https:\/\/www.laperlavalles.cat\/es\/wp-json\/wp\/v2\/comments?post=119099"}],"wp:featuredmedia":[{"embeddable":true,"href":"https:\/\/www.laperlavalles.cat\/es\/wp-json\/wp\/v2\/media\/173864"}],"wp:attachment":[{"href":"https:\/\/www.laperlavalles.cat\/es\/wp-json\/wp\/v2\/media?parent=119099"}],"wp:term":[{"taxonomy":"product_cat","embeddable":true,"href":"https:\/\/www.laperlavalles.cat\/es\/wp-json\/wp\/v2\/product_cat?post=119099"},{"taxonomy":"product_tag","embeddable":true,"href":"https:\/\/www.laperlavalles.cat\/es\/wp-json\/wp\/v2\/product_tag?post=119099"}],"curies":[{"name":"wp","href":"https:\/\/api.w.org\/{rel}","templated":true}]}}

<p>Fabricado con material de fibra de carbono duradero que es más ligero y más fuerte que el plástico. Además, elimina la electricidad estática.<br />
Alisa el cabello desde las puntas hasta la raíz. El material resistente al calor facilita su uso después de la plancha o el secador para alisar el cabello.</p>

<p>Fabricado con material de fibra de carbono duradero que es más ligero y más fuerte que el plástico. Además, elimina la electricidad estática. Alisa el cabello<span class="excerpt-hellip"> […]</span></p>
