{"id":123987,"date":"2022-06-30T15:00:43","date_gmt":"2022-06-30T13:00:54","guid":{"rendered":"https:\/\/www.laperlavalles.cat\/product\/nestle-cerelac-trigo-con-fruta-400gr\/"},"modified":"2024-07-01T16:19:22","modified_gmt":"2024-07-01T14:19:22","slug":"nestle-cerelac-trigo-con-fruta-400gr","status":"publish","type":"product","link":"https:\/\/www.laperlavalles.cat\/es\/product\/nestle-cerelac-trigo-con-fruta-400gr\/","title":{"rendered":"NESTL\u00c9 CERELAC TRIGO CON FRUTA 400GR"},"content":{"rendered":"<p>Nestl\u00e9 Cerelac trigo con leche y fruta son las famosas gachas de Nestl\u00e9. A partir de 8 meses.<\/p>\n","protected":false},"excerpt":{"rendered":"<p>Nestl\u00e9 Cerelac trigo con leche y fruta son las famosas gachas de Nestl\u00e9. A partir de 8 meses.<\/p>\n","protected":false},"featured_media":157088,"comment_status":"open","ping_status":"closed","template":"","meta":[],"product_cat":[10618],"product_tag":[],"_links":{"self":[{"href":"https:\/\/www.laperlavalles.cat\/es\/wp-json\/wp\/v2\/product\/123987"}],"collection":[{"href":"https:\/\/www.laperlavalles.cat\/es\/wp-json\/wp\/v2\/product"}],"about":[{"href":"https:\/\/www.laperlavalles.cat\/es\/wp-json\/wp\/v2\/types\/product"}],"replies":[{"embeddable":true,"href":"https:\/\/www.laperlavalles.cat\/es\/wp-json\/wp\/v2\/comments?post=123987"}],"wp:featuredmedia":[{"embeddable":true,"href":"https:\/\/www.laperlavalles.cat\/es\/wp-json\/wp\/v2\/media\/157088"}],"wp:attachment":[{"href":"https:\/\/www.laperlavalles.cat\/es\/wp-json\/wp\/v2\/media?parent=123987"}],"wp:term":[{"taxonomy":"product_cat","embeddable":true,"href":"https:\/\/www.laperlavalles.cat\/es\/wp-json\/wp\/v2\/product_cat?post=123987"},{"taxonomy":"product_tag","embeddable":true,"href":"https:\/\/www.laperlavalles.cat\/es\/wp-json\/wp\/v2\/product_tag?post=123987"}],"curies":[{"name":"wp","href":"https:\/\/api.w.org\/{rel}","templated":true}]}}

NESTLÉ CERELAC TRIGO CON FRUTA 400GR

<p>Nestlé Cerelac trigo con leche y fruta son las famosas gachas de Nestlé. A partir de 8 meses.</p>
