{"id":124007,"date":"2022-06-30T15:01:34","date_gmt":"2022-06-30T13:01:45","guid":{"rendered":"https:\/\/www.laperlavalles.cat\/product\/nestle-cerelac-trigo-con-fruta-1kg\/"},"modified":"2024-07-02T16:19:41","modified_gmt":"2024-07-02T14:19:41","slug":"nestle-cerelac-trigo-con-fruta-1kg","status":"publish","type":"product","link":"https:\/\/www.laperlavalles.cat\/es\/product\/nestle-cerelac-trigo-con-fruta-1kg\/","title":{"rendered":"NESTL\u00c9 CERELAC TRIGO CON FRUTA 1KG"},"content":{"rendered":"<p>Nestl\u00e9 Cerelac trigo con leche y fruta son las famosas gachas de Nestl\u00e9. A partir de 8 meses.<\/p>\n","protected":false},"excerpt":{"rendered":"<p>Nestl\u00e9 Cerelac trigo con leche y fruta son las famosas gachas de Nestl\u00e9. A partir de 8 meses.<\/p>\n","protected":false},"featured_media":162728,"comment_status":"open","ping_status":"closed","template":"","meta":[],"product_cat":[10618],"product_tag":[],"_links":{"self":[{"href":"https:\/\/www.laperlavalles.cat\/es\/wp-json\/wp\/v2\/product\/124007"}],"collection":[{"href":"https:\/\/www.laperlavalles.cat\/es\/wp-json\/wp\/v2\/product"}],"about":[{"href":"https:\/\/www.laperlavalles.cat\/es\/wp-json\/wp\/v2\/types\/product"}],"replies":[{"embeddable":true,"href":"https:\/\/www.laperlavalles.cat\/es\/wp-json\/wp\/v2\/comments?post=124007"}],"wp:featuredmedia":[{"embeddable":true,"href":"https:\/\/www.laperlavalles.cat\/es\/wp-json\/wp\/v2\/media\/162728"}],"wp:attachment":[{"href":"https:\/\/www.laperlavalles.cat\/es\/wp-json\/wp\/v2\/media?parent=124007"}],"wp:term":[{"taxonomy":"product_cat","embeddable":true,"href":"https:\/\/www.laperlavalles.cat\/es\/wp-json\/wp\/v2\/product_cat?post=124007"},{"taxonomy":"product_tag","embeddable":true,"href":"https:\/\/www.laperlavalles.cat\/es\/wp-json\/wp\/v2\/product_tag?post=124007"}],"curies":[{"name":"wp","href":"https:\/\/api.w.org\/{rel}","templated":true}]}}

NESTLÉ CERELAC TRIGO CON FRUTA 1KG

<p>Nestlé Cerelac trigo con leche y fruta son las famosas gachas de Nestlé. A partir de 8 meses.</p>
