{"id":188629,"date":"2025-03-12T15:36:15","date_gmt":"2025-03-12T14:36:15","guid":{"rendered":"https:\/\/www.laperlavalles.cat\/product\/zumo-de-melon-con-aloe-vera-okf-500ml-5\/"},"modified":"2025-03-12T15:36:15","modified_gmt":"2025-03-12T14:36:15","slug":"zumo-de-melon-con-aloe-vera-okf-500ml-5","status":"publish","type":"product","link":"https:\/\/www.laperlavalles.cat\/es\/product\/zumo-de-melon-con-aloe-vera-okf-500ml-5\/","title":{"rendered":"Zumo de mel\u00f3n con Aloe Vera OKF 500ml"},"content":{"rendered":"<p>Bebida de mel\u00f3n almizclero, dulce y refrescante, con trozos de aloe vera masticables y jugo real de mel\u00f3n almizclero con gel de aloe vera a\u00f1adido.<\/p>\n","protected":false},"excerpt":{"rendered":"<p>Bebida de mel\u00f3n almizclero, dulce y refrescante, con trozos de aloe vera masticables y jugo real de mel\u00f3n almizclero con gel de aloe vera a\u00f1adido.<\/p>\n","protected":false},"featured_media":188625,"comment_status":"open","ping_status":"closed","template":"","meta":[],"product_cat":[8385,8477],"product_tag":[],"_links":{"self":[{"href":"https:\/\/www.laperlavalles.cat\/es\/wp-json\/wp\/v2\/product\/188629"}],"collection":[{"href":"https:\/\/www.laperlavalles.cat\/es\/wp-json\/wp\/v2\/product"}],"about":[{"href":"https:\/\/www.laperlavalles.cat\/es\/wp-json\/wp\/v2\/types\/product"}],"replies":[{"embeddable":true,"href":"https:\/\/www.laperlavalles.cat\/es\/wp-json\/wp\/v2\/comments?post=188629"}],"wp:featuredmedia":[{"embeddable":true,"href":"https:\/\/www.laperlavalles.cat\/es\/wp-json\/wp\/v2\/media\/188625"}],"wp:attachment":[{"href":"https:\/\/www.laperlavalles.cat\/es\/wp-json\/wp\/v2\/media?parent=188629"}],"wp:term":[{"taxonomy":"product_cat","embeddable":true,"href":"https:\/\/www.laperlavalles.cat\/es\/wp-json\/wp\/v2\/product_cat?post=188629"},{"taxonomy":"product_tag","embeddable":true,"href":"https:\/\/www.laperlavalles.cat\/es\/wp-json\/wp\/v2\/product_tag?post=188629"}],"curies":[{"name":"wp","href":"https:\/\/api.w.org\/{rel}","templated":true}]}}

Zumo de melón con Aloe Vera OKF 500ml

<p>Bebida de melón almizclero, dulce y refrescante, con trozos de aloe vera masticables y jugo real de melón almizclero con gel de aloe vera añadido.</p>
