{"id":189029,"date":"2025-03-13T14:51:54","date_gmt":"2025-03-13T13:52:06","guid":{"rendered":"https:\/\/www.laperlavalles.cat\/product\/locion-corporal-y-para-manos-de-manteca-de-cacao-queen-elisabeth-800ml\/"},"modified":"2025-03-13T15:18:40","modified_gmt":"2025-03-13T14:18:40","slug":"locion-corporal-y-para-manos-de-manteca-de-cacao-queen-elisabeth-800ml","status":"publish","type":"product","link":"https:\/\/www.laperlavalles.cat\/es\/product\/locion-corporal-y-para-manos-de-manteca-de-cacao-queen-elisabeth-800ml\/","title":{"rendered":"LOCI\u00d3N CORPORAL Y PARA MANOS DE MANTECA DE CACAO QUEEN ELISABETH 800ML"},"content":{"rendered":"<p>La Loci\u00f3n Queen Elisabeth 800 ml es ideal para hidratar y suavizar la piel seca, aportando nutrici\u00f3n profunda y ayudando a mantenerla suave y flexible. Perfecta para el uso diario, alivia la piel irritada y es ideal durante y despu\u00e9s del embarazo para cuidar la piel estirada.<\/p>\n","protected":false},"excerpt":{"rendered":"<p>La Loci\u00f3n Queen Elisabeth 800 ml es ideal para hidratar y suavizar la piel seca, aportando nutrici\u00f3n profunda y ayudando a mantenerla suave y flexible. Perfecta<span class=\"excerpt-hellip\"> [\u2026]<\/span><\/p>\n","protected":false},"featured_media":189018,"comment_status":"open","ping_status":"closed","template":"","meta":[],"product_cat":[8403,8484],"product_tag":[],"_links":{"self":[{"href":"https:\/\/www.laperlavalles.cat\/es\/wp-json\/wp\/v2\/product\/189029"}],"collection":[{"href":"https:\/\/www.laperlavalles.cat\/es\/wp-json\/wp\/v2\/product"}],"about":[{"href":"https:\/\/www.laperlavalles.cat\/es\/wp-json\/wp\/v2\/types\/product"}],"replies":[{"embeddable":true,"href":"https:\/\/www.laperlavalles.cat\/es\/wp-json\/wp\/v2\/comments?post=189029"}],"wp:featuredmedia":[{"embeddable":true,"href":"https:\/\/www.laperlavalles.cat\/es\/wp-json\/wp\/v2\/media\/189018"}],"wp:attachment":[{"href":"https:\/\/www.laperlavalles.cat\/es\/wp-json\/wp\/v2\/media?parent=189029"}],"wp:term":[{"taxonomy":"product_cat","embeddable":true,"href":"https:\/\/www.laperlavalles.cat\/es\/wp-json\/wp\/v2\/product_cat?post=189029"},{"taxonomy":"product_tag","embeddable":true,"href":"https:\/\/www.laperlavalles.cat\/es\/wp-json\/wp\/v2\/product_tag?post=189029"}],"curies":[{"name":"wp","href":"https:\/\/api.w.org\/{rel}","templated":true}]}}

LOCIÓN CORPORAL Y PARA MANOS DE MANTECA DE CACAO QUEEN ELISABETH 800ML

<p>La Loción Queen Elisabeth 800 ml es ideal para hidratar y suavizar la piel seca, aportando nutrición profunda y ayudando a mantenerla suave y flexible. Perfecta para el uso diario, alivia la piel irritada y es ideal durante y después del embarazo para cuidar la piel estirada.</p>

<p>La Loción Queen Elisabeth 800 ml es ideal para hidratar y suavizar la piel seca, aportando nutrición profunda y ayudando a mantenerla suave y flexible. Perfecta<span class="excerpt-hellip"> […]</span></p>
