{"id":189139,"date":"2025-03-13T15:00:37","date_gmt":"2025-03-13T14:00:49","guid":{"rendered":"https:\/\/www.laperlavalles.cat\/product\/locion-corporal-y-para-manos-de-manteca-de-cacao-queen-elisabeth-250ml\/"},"modified":"2025-03-13T15:15:18","modified_gmt":"2025-03-13T14:15:18","slug":"locion-corporal-y-para-manos-de-manteca-de-cacao-queen-elisabeth-250ml","status":"publish","type":"product","link":"https:\/\/www.laperlavalles.cat\/es\/product\/locion-corporal-y-para-manos-de-manteca-de-cacao-queen-elisabeth-250ml\/","title":{"rendered":"LOCI\u00d3N CORPORAL Y PARA MANOS DE MANTECA DE CACAO QUEEN ELISABETH 250ML"},"content":{"rendered":"<p>La Loci\u00f3n Queen Elisabeth 250 ml es ideal para hidratar y suavizar la piel seca, aportando nutrici\u00f3n profunda y ayudando a mantenerla suave y flexible. Perfecta para el uso diario, alivia la piel irritada y es ideal durante y despu\u00e9s del embarazo para cuidar la piel estirada.<\/p>\n","protected":false},"excerpt":{"rendered":"<p>La Loci\u00f3n Queen Elisabeth 250 ml es ideal para hidratar y suavizar la piel seca, aportando nutrici\u00f3n profunda y ayudando a mantenerla suave y flexible. Perfecta<span class=\"excerpt-hellip\"> [\u2026]<\/span><\/p>\n","protected":false},"featured_media":189118,"comment_status":"open","ping_status":"closed","template":"","meta":[],"product_cat":[8403,8484],"product_tag":[],"_links":{"self":[{"href":"https:\/\/www.laperlavalles.cat\/es\/wp-json\/wp\/v2\/product\/189139"}],"collection":[{"href":"https:\/\/www.laperlavalles.cat\/es\/wp-json\/wp\/v2\/product"}],"about":[{"href":"https:\/\/www.laperlavalles.cat\/es\/wp-json\/wp\/v2\/types\/product"}],"replies":[{"embeddable":true,"href":"https:\/\/www.laperlavalles.cat\/es\/wp-json\/wp\/v2\/comments?post=189139"}],"wp:featuredmedia":[{"embeddable":true,"href":"https:\/\/www.laperlavalles.cat\/es\/wp-json\/wp\/v2\/media\/189118"}],"wp:attachment":[{"href":"https:\/\/www.laperlavalles.cat\/es\/wp-json\/wp\/v2\/media?parent=189139"}],"wp:term":[{"taxonomy":"product_cat","embeddable":true,"href":"https:\/\/www.laperlavalles.cat\/es\/wp-json\/wp\/v2\/product_cat?post=189139"},{"taxonomy":"product_tag","embeddable":true,"href":"https:\/\/www.laperlavalles.cat\/es\/wp-json\/wp\/v2\/product_tag?post=189139"}],"curies":[{"name":"wp","href":"https:\/\/api.w.org\/{rel}","templated":true}]}}

LOCIÓN CORPORAL Y PARA MANOS DE MANTECA DE CACAO QUEEN ELISABETH 250ML

<p>La Loción Queen Elisabeth 250 ml es ideal para hidratar y suavizar la piel seca, aportando nutrición profunda y ayudando a mantenerla suave y flexible. Perfecta para el uso diario, alivia la piel irritada y es ideal durante y después del embarazo para cuidar la piel estirada.</p>

<p>La Loción Queen Elisabeth 250 ml es ideal para hidratar y suavizar la piel seca, aportando nutrición profunda y ayudando a mantenerla suave y flexible. Perfecta<span class="excerpt-hellip"> […]</span></p>
