{"id":189324,"date":"2025-03-13T15:13:00","date_gmt":"2025-03-13T14:13:13","guid":{"rendered":"https:\/\/www.laperlavalles.cat\/product\/pomada-corporal-y-capilar-de-manteca-de-karite-queen-elisabeth-250ml\/"},"modified":"2025-03-13T15:23:46","modified_gmt":"2025-03-13T14:23:46","slug":"pomada-corporal-y-capilar-de-manteca-de-karite-queen-elisabeth-250ml","status":"publish","type":"product","link":"https:\/\/www.laperlavalles.cat\/es\/product\/pomada-corporal-y-capilar-de-manteca-de-karite-queen-elisabeth-250ml\/","title":{"rendered":"POMADA CORPORAL Y CAPILAR DE MANTECA DE KARIT\u00c9 QUEEN ELISABETH 250ML"},"content":{"rendered":"<p>La Crema de Manteca de Karit\u00e9 Queen Elisabeth 250 ml hidrata y nutre profundamente la piel, ayudando a restaurar su suavidad y elasticidad natural. Enriquecida con manteca de karit\u00e9 pura, es ideal para piel seca o da\u00f1ada, proporcionando protecci\u00f3n contra la sequedad y la deshidrataci\u00f3n. Perfecta para el uso diario en manos, cuerpo y zonas especialmente secas.<\/p>\n","protected":false},"excerpt":{"rendered":"<p>La Crema de Manteca de Karit\u00e9 Queen Elisabeth 250 ml hidrata y nutre profundamente la piel, ayudando a restaurar su suavidad y elasticidad natural. Enriquecida con<span class=\"excerpt-hellip\"> [\u2026]<\/span><\/p>\n","protected":false},"featured_media":189313,"comment_status":"open","ping_status":"closed","template":"","meta":[],"product_cat":[8403,8484],"product_tag":[],"_links":{"self":[{"href":"https:\/\/www.laperlavalles.cat\/es\/wp-json\/wp\/v2\/product\/189324"}],"collection":[{"href":"https:\/\/www.laperlavalles.cat\/es\/wp-json\/wp\/v2\/product"}],"about":[{"href":"https:\/\/www.laperlavalles.cat\/es\/wp-json\/wp\/v2\/types\/product"}],"replies":[{"embeddable":true,"href":"https:\/\/www.laperlavalles.cat\/es\/wp-json\/wp\/v2\/comments?post=189324"}],"wp:featuredmedia":[{"embeddable":true,"href":"https:\/\/www.laperlavalles.cat\/es\/wp-json\/wp\/v2\/media\/189313"}],"wp:attachment":[{"href":"https:\/\/www.laperlavalles.cat\/es\/wp-json\/wp\/v2\/media?parent=189324"}],"wp:term":[{"taxonomy":"product_cat","embeddable":true,"href":"https:\/\/www.laperlavalles.cat\/es\/wp-json\/wp\/v2\/product_cat?post=189324"},{"taxonomy":"product_tag","embeddable":true,"href":"https:\/\/www.laperlavalles.cat\/es\/wp-json\/wp\/v2\/product_tag?post=189324"}],"curies":[{"name":"wp","href":"https:\/\/api.w.org\/{rel}","templated":true}]}}

POMADA CORPORAL Y CAPILAR DE MANTECA DE KARITÉ QUEEN ELISABETH 250ML

<p>La Crema de Manteca de Karité Queen Elisabeth 250 ml hidrata y nutre profundamente la piel, ayudando a restaurar su suavidad y elasticidad natural. Enriquecida con manteca de karité pura, es ideal para piel seca o dañada, proporcionando protección contra la sequedad y la deshidratación. Perfecta para el uso diario en manos, cuerpo y zonas especialmente secas.</p>

<p>La Crema de Manteca de Karité Queen Elisabeth 250 ml hidrata y nutre profundamente la piel, ayudando a restaurar su suavidad y elasticidad natural. Enriquecida con<span class="excerpt-hellip"> […]</span></p>
