{"id":189504,"date":"2025-03-14T09:12:17","date_gmt":"2025-03-14T08:12:28","guid":{"rendered":"https:\/\/www.laperlavalles.cat\/product\/locion-de-manteca-de-karite-rinju-16-oz\/"},"modified":"2025-03-14T09:27:33","modified_gmt":"2025-03-14T08:27:33","slug":"locion-de-manteca-de-karite-rinju-16-oz","status":"publish","type":"product","link":"https:\/\/www.laperlavalles.cat\/es\/product\/locion-de-manteca-de-karite-rinju-16-oz\/","title":{"rendered":"LOCION DE MANTECA DE KARIT\u00c9 RINJU 16 OZ"},"content":{"rendered":"<p>La LOCION DE MANTECA DE KARIT\u00c9 RINJU de 16 oz ofrece una hidrataci\u00f3n profunda y reparadora para la piel seca y deshidratada. Enriquecida con manteca de karit\u00e9 natural, ayuda a restaurar la suavidad y elasticidad de la piel, protegi\u00e9ndola contra la sequedad. Su textura suave se absorbe r\u00e1pidamente, dejando la piel nutrida y radiante durante todo el d\u00eda.<\/p>\n","protected":false},"excerpt":{"rendered":"<p>La LOCION DE MANTECA DE KARIT\u00c9 RINJU de 16 oz ofrece una hidrataci\u00f3n profunda y reparadora para la piel seca y deshidratada. Enriquecida con manteca de<span class=\"excerpt-hellip\"> [\u2026]<\/span><\/p>\n","protected":false},"featured_media":189493,"comment_status":"open","ping_status":"closed","template":"","meta":[],"product_cat":[8403,8484],"product_tag":[],"_links":{"self":[{"href":"https:\/\/www.laperlavalles.cat\/es\/wp-json\/wp\/v2\/product\/189504"}],"collection":[{"href":"https:\/\/www.laperlavalles.cat\/es\/wp-json\/wp\/v2\/product"}],"about":[{"href":"https:\/\/www.laperlavalles.cat\/es\/wp-json\/wp\/v2\/types\/product"}],"replies":[{"embeddable":true,"href":"https:\/\/www.laperlavalles.cat\/es\/wp-json\/wp\/v2\/comments?post=189504"}],"wp:featuredmedia":[{"embeddable":true,"href":"https:\/\/www.laperlavalles.cat\/es\/wp-json\/wp\/v2\/media\/189493"}],"wp:attachment":[{"href":"https:\/\/www.laperlavalles.cat\/es\/wp-json\/wp\/v2\/media?parent=189504"}],"wp:term":[{"taxonomy":"product_cat","embeddable":true,"href":"https:\/\/www.laperlavalles.cat\/es\/wp-json\/wp\/v2\/product_cat?post=189504"},{"taxonomy":"product_tag","embeddable":true,"href":"https:\/\/www.laperlavalles.cat\/es\/wp-json\/wp\/v2\/product_tag?post=189504"}],"curies":[{"name":"wp","href":"https:\/\/api.w.org\/{rel}","templated":true}]}}

LOCION DE MANTECA DE KARITÉ RINJU 16 OZ

<p>La LOCION DE MANTECA DE KARITÉ RINJU de 16 oz ofrece una hidratación profunda y reparadora para la piel seca y deshidratada. Enriquecida con manteca de karité natural, ayuda a restaurar la suavidad y elasticidad de la piel, protegiéndola contra la sequedad. Su textura suave se absorbe rápidamente, dejando la piel nutrida y radiante durante todo el día.</p>

<p>La LOCION DE MANTECA DE KARITÉ RINJU de 16 oz ofrece una hidratación profunda y reparadora para la piel seca y deshidratada. Enriquecida con manteca de<span class="excerpt-hellip"> […]</span></p>
