{"id":189544,"date":"2025-03-14T09:20:37","date_gmt":"2025-03-14T08:20:50","guid":{"rendered":"https:\/\/www.laperlavalles.cat\/product\/acondicionador-profundo-de-babasu-y-menta-mielle-227-ml\/"},"modified":"2025-03-27T13:24:44","modified_gmt":"2025-03-27T12:24:44","slug":"acondicionador-profundo-de-babasu-y-menta-mielle-227-ml","status":"publish","type":"product","link":"https:\/\/www.laperlavalles.cat\/es\/product\/acondicionador-profundo-de-babasu-y-menta-mielle-227-ml\/","title":{"rendered":"ACONDICIONADOR PROFUNDO DE BABAS\u00da Y MENTA MIELLE 227 ML"},"content":{"rendered":"<p>El ACONDICIONADOR PROFUNDO DE BABAS\u00da Y MENTA MIELLE de 227 ml proporciona una hidrataci\u00f3n profunda y reparadora para el cabello seco y da\u00f1ado. Enriquecido con aceite de babas\u00fa y extracto de menta, ayuda a restaurar la suavidad, el brillo y la fuerza del cabello, mientras revitaliza el cuero cabelludo con una sensaci\u00f3n refrescante. Ideal para un uso semanal y mantener el cabello sano y nutrido.<\/p>\n","protected":false},"excerpt":{"rendered":"<p>El ACONDICIONADOR PROFUNDO DE BABAS\u00da Y MENTA MIELLE de 227 ml proporciona una hidrataci\u00f3n profunda y reparadora para el cabello seco y da\u00f1ado. Enriquecido con aceite<span class=\"excerpt-hellip\"> [\u2026]<\/span><\/p>\n","protected":false},"featured_media":189533,"comment_status":"open","ping_status":"closed","template":"","meta":[],"product_cat":[8403,24330],"product_tag":[],"_links":{"self":[{"href":"https:\/\/www.laperlavalles.cat\/es\/wp-json\/wp\/v2\/product\/189544"}],"collection":[{"href":"https:\/\/www.laperlavalles.cat\/es\/wp-json\/wp\/v2\/product"}],"about":[{"href":"https:\/\/www.laperlavalles.cat\/es\/wp-json\/wp\/v2\/types\/product"}],"replies":[{"embeddable":true,"href":"https:\/\/www.laperlavalles.cat\/es\/wp-json\/wp\/v2\/comments?post=189544"}],"wp:featuredmedia":[{"embeddable":true,"href":"https:\/\/www.laperlavalles.cat\/es\/wp-json\/wp\/v2\/media\/189533"}],"wp:attachment":[{"href":"https:\/\/www.laperlavalles.cat\/es\/wp-json\/wp\/v2\/media?parent=189544"}],"wp:term":[{"taxonomy":"product_cat","embeddable":true,"href":"https:\/\/www.laperlavalles.cat\/es\/wp-json\/wp\/v2\/product_cat?post=189544"},{"taxonomy":"product_tag","embeddable":true,"href":"https:\/\/www.laperlavalles.cat\/es\/wp-json\/wp\/v2\/product_tag?post=189544"}],"curies":[{"name":"wp","href":"https:\/\/api.w.org\/{rel}","templated":true}]}}

ACONDICIONADOR PROFUNDO DE BABASÚ Y MENTA MIELLE 227 ML

<p>El ACONDICIONADOR PROFUNDO DE BABASÚ Y MENTA MIELLE de 227 ml proporciona una hidratación profunda y reparadora para el cabello seco y dañado. Enriquecido con aceite de babasú y extracto de menta, ayuda a restaurar la suavidad, el brillo y la fuerza del cabello, mientras revitaliza el cuero cabelludo con una sensación refrescante. Ideal para un uso semanal y mantener el cabello sano y nutrido.</p>

<p>El ACONDICIONADOR PROFUNDO DE BABASÚ Y MENTA MIELLE de 227 ml proporciona una hidratación profunda y reparadora para el cabello seco y dañado. Enriquecido con aceite<span class="excerpt-hellip"> […]</span></p>
