{"id":189744,"date":"2025-03-17T13:10:36","date_gmt":"2025-03-17T12:10:49","guid":{"rendered":"https:\/\/www.laperlavalles.cat\/product\/as-i-am-classic-curling-jelly-227g\/"},"modified":"2025-03-17T13:19:15","modified_gmt":"2025-03-17T12:19:15","slug":"as-i-am-classic-curling-jelly-227g","status":"publish","type":"product","link":"https:\/\/www.laperlavalles.cat\/es\/product\/as-i-am-classic-curling-jelly-227g\/","title":{"rendered":"AS I AM CLASSIC CURLING JELLY 227G"},"content":{"rendered":"<p>El As I Am Classic Curling Jelly es un gel definidor perfecto para resaltar la forma natural del cabello rizado y ondulado. Su f\u00f3rmula ligera ofrece una fijaci\u00f3n duradera sin dejar residuos pegajosos ni rigidez, permitiendo que los rizos se muevan libremente. Adem\u00e1s, controla el encrespamiento y proporciona hidrataci\u00f3n, dejando el cabello suave, brillante y bien definido. Ideal para cabellos naturales que buscan un acabado pulido.<\/p>\n","protected":false},"excerpt":{"rendered":"<p>El As I Am Classic Curling Jelly es un gel definidor perfecto para resaltar la forma natural del cabello rizado y ondulado. Su f\u00f3rmula ligera ofrece<span class=\"excerpt-hellip\"> [\u2026]<\/span><\/p>\n","protected":false},"featured_media":189733,"comment_status":"open","ping_status":"closed","template":"","meta":[],"product_cat":[8403,24330],"product_tag":[],"_links":{"self":[{"href":"https:\/\/www.laperlavalles.cat\/es\/wp-json\/wp\/v2\/product\/189744"}],"collection":[{"href":"https:\/\/www.laperlavalles.cat\/es\/wp-json\/wp\/v2\/product"}],"about":[{"href":"https:\/\/www.laperlavalles.cat\/es\/wp-json\/wp\/v2\/types\/product"}],"replies":[{"embeddable":true,"href":"https:\/\/www.laperlavalles.cat\/es\/wp-json\/wp\/v2\/comments?post=189744"}],"wp:featuredmedia":[{"embeddable":true,"href":"https:\/\/www.laperlavalles.cat\/es\/wp-json\/wp\/v2\/media\/189733"}],"wp:attachment":[{"href":"https:\/\/www.laperlavalles.cat\/es\/wp-json\/wp\/v2\/media?parent=189744"}],"wp:term":[{"taxonomy":"product_cat","embeddable":true,"href":"https:\/\/www.laperlavalles.cat\/es\/wp-json\/wp\/v2\/product_cat?post=189744"},{"taxonomy":"product_tag","embeddable":true,"href":"https:\/\/www.laperlavalles.cat\/es\/wp-json\/wp\/v2\/product_tag?post=189744"}],"curies":[{"name":"wp","href":"https:\/\/api.w.org\/{rel}","templated":true}]}}

<p>El As I Am Classic Curling Jelly es un gel definidor perfecto para resaltar la forma natural del cabello rizado y ondulado. Su fórmula ligera ofrece una fijación duradera sin dejar residuos pegajosos ni rigidez, permitiendo que los rizos se muevan libremente. Además, controla el encrespamiento y proporciona hidratación, dejando el cabello suave, brillante y bien definido. Ideal para cabellos naturales que buscan un acabado pulido.</p>

<p>El As I Am Classic Curling Jelly es un gel definidor perfecto para resaltar la forma natural del cabello rizado y ondulado. Su fórmula ligera ofrece<span class="excerpt-hellip"> […]</span></p>
