{"id":189764,"date":"2025-03-17T14:10:34","date_gmt":"2025-03-17T13:10:43","guid":{"rendered":"https:\/\/www.laperlavalles.cat\/product\/as-i-am-classic-twist-defining-cream-227g\/"},"modified":"2025-03-17T14:15:59","modified_gmt":"2025-03-17T13:15:59","slug":"as-i-am-classic-twist-defining-cream-227g","status":"publish","type":"product","link":"https:\/\/www.laperlavalles.cat\/es\/product\/as-i-am-classic-twist-defining-cream-227g\/","title":{"rendered":"AS I AM CLASSIC TWIST DEFINING CREAM 227G"},"content":{"rendered":"<p>La As I Am Classic Twist Defining Cream es una crema de peinado especialmente formulada para definir y mejorar los rizos en cabellos rizados y con textura. Su f\u00f3rmula, enriquecida con aceites naturales como el de girasol y ricino, as\u00ed como extractos de amla y ra\u00edz de remolacha, nutre el cabello, ayuda a mantener un crecimiento saludable y proporciona una definici\u00f3n duradera a los rizos. Esta crema tambi\u00e9n ayuda a reducir el encrespamiento, aportando suavidad y brillo sin dejar residuos pegajosos ni grasos.<\/p>\n","protected":false},"excerpt":{"rendered":"<p>La As I Am Classic Twist Defining Cream es una crema de peinado especialmente formulada para definir y mejorar los rizos en cabellos rizados y con<span class=\"excerpt-hellip\"> [\u2026]<\/span><\/p>\n","protected":false},"featured_media":189753,"comment_status":"open","ping_status":"closed","template":"","meta":[],"product_cat":[10618],"product_tag":[],"_links":{"self":[{"href":"https:\/\/www.laperlavalles.cat\/es\/wp-json\/wp\/v2\/product\/189764"}],"collection":[{"href":"https:\/\/www.laperlavalles.cat\/es\/wp-json\/wp\/v2\/product"}],"about":[{"href":"https:\/\/www.laperlavalles.cat\/es\/wp-json\/wp\/v2\/types\/product"}],"replies":[{"embeddable":true,"href":"https:\/\/www.laperlavalles.cat\/es\/wp-json\/wp\/v2\/comments?post=189764"}],"wp:featuredmedia":[{"embeddable":true,"href":"https:\/\/www.laperlavalles.cat\/es\/wp-json\/wp\/v2\/media\/189753"}],"wp:attachment":[{"href":"https:\/\/www.laperlavalles.cat\/es\/wp-json\/wp\/v2\/media?parent=189764"}],"wp:term":[{"taxonomy":"product_cat","embeddable":true,"href":"https:\/\/www.laperlavalles.cat\/es\/wp-json\/wp\/v2\/product_cat?post=189764"},{"taxonomy":"product_tag","embeddable":true,"href":"https:\/\/www.laperlavalles.cat\/es\/wp-json\/wp\/v2\/product_tag?post=189764"}],"curies":[{"name":"wp","href":"https:\/\/api.w.org\/{rel}","templated":true}]}}

<p>La As I Am Classic Twist Defining Cream es una crema de peinado especialmente formulada para definir y mejorar los rizos en cabellos rizados y con textura. Su fórmula, enriquecida con aceites naturales como el de girasol y ricino, así como extractos de amla y raíz de remolacha, nutre el cabello, ayuda a mantener un crecimiento saludable y proporciona una definición duradera a los rizos. Esta crema también ayuda a reducir el encrespamiento, aportando suavidad y brillo sin dejar residuos pegajosos ni grasos.</p>
