{"id":189784,"date":"2025-03-17T14:20:36","date_gmt":"2025-03-17T13:20:48","guid":{"rendered":"https:\/\/www.laperlavalles.cat\/product\/as-i-am-longluxe-strengthening-shampoo-355ml\/"},"modified":"2025-03-27T13:21:52","modified_gmt":"2025-03-27T12:21:52","slug":"as-i-am-longluxe-strengthening-shampoo-355ml","status":"publish","type":"product","link":"https:\/\/www.laperlavalles.cat\/es\/product\/as-i-am-longluxe-strengthening-shampoo-355ml\/","title":{"rendered":"AS I AM LONG&amp;LUXE STRENGTHENING SHAMPOO 355ML"},"content":{"rendered":"<p>El As I Am Long &amp; Luxe Strengthening Shampoo es un champ\u00fa hidratante formulado para limpiar suavemente el cabello y el cuero cabelludo, al tiempo que a\u00f1ade hidrataci\u00f3n y fortalece el cabello para favorecer una mayor longitud. Enriquecido con extractos de granada y fruta de la pasi\u00f3n, este champ\u00fa ayuda a reducir los enredos y los da\u00f1os causados por el peinado, facilitando el proceso de desenredado. Adem\u00e1s, est\u00e1 especialmente indicado para cabellos de tipo 3 y 4.<\/p>\n","protected":false},"excerpt":{"rendered":"<p>El As I Am Long &amp; Luxe Strengthening Shampoo es un champ\u00fa hidratante formulado para limpiar suavemente el cabello y el cuero cabelludo, al tiempo que<span class=\"excerpt-hellip\"> [\u2026]<\/span><\/p>\n","protected":false},"featured_media":189773,"comment_status":"open","ping_status":"closed","template":"","meta":[],"product_cat":[8403,24330],"product_tag":[],"_links":{"self":[{"href":"https:\/\/www.laperlavalles.cat\/es\/wp-json\/wp\/v2\/product\/189784"}],"collection":[{"href":"https:\/\/www.laperlavalles.cat\/es\/wp-json\/wp\/v2\/product"}],"about":[{"href":"https:\/\/www.laperlavalles.cat\/es\/wp-json\/wp\/v2\/types\/product"}],"replies":[{"embeddable":true,"href":"https:\/\/www.laperlavalles.cat\/es\/wp-json\/wp\/v2\/comments?post=189784"}],"wp:featuredmedia":[{"embeddable":true,"href":"https:\/\/www.laperlavalles.cat\/es\/wp-json\/wp\/v2\/media\/189773"}],"wp:attachment":[{"href":"https:\/\/www.laperlavalles.cat\/es\/wp-json\/wp\/v2\/media?parent=189784"}],"wp:term":[{"taxonomy":"product_cat","embeddable":true,"href":"https:\/\/www.laperlavalles.cat\/es\/wp-json\/wp\/v2\/product_cat?post=189784"},{"taxonomy":"product_tag","embeddable":true,"href":"https:\/\/www.laperlavalles.cat\/es\/wp-json\/wp\/v2\/product_tag?post=189784"}],"curies":[{"name":"wp","href":"https:\/\/api.w.org\/{rel}","templated":true}]}}

<p>El As I Am Long &amp; Luxe Strengthening Shampoo es un champú hidratante formulado para limpiar suavemente el cabello y el cuero cabelludo, al tiempo que añade hidratación y fortalece el cabello para favorecer una mayor longitud. Enriquecido con extractos de granada y fruta de la pasión, este champú ayuda a reducir los enredos y los daños causados por el peinado, facilitando el proceso de desenredado. Además, está especialmente indicado para cabellos de tipo 3 y 4.</p>

<p>El As I Am Long &amp; Luxe Strengthening Shampoo es un champú hidratante formulado para limpiar suavemente el cabello y el cuero cabelludo, al tiempo que<span class="excerpt-hellip"> […]</span></p>
