{"id":190004,"date":"2025-03-17T15:20:36","date_gmt":"2025-03-17T14:20:48","guid":{"rendered":"https:\/\/www.laperlavalles.cat\/product\/queen-helene-avocado-grapefruit-facial-masque-6oz\/"},"modified":"2025-03-17T15:22:55","modified_gmt":"2025-03-17T14:22:55","slug":"queen-helene-avocado-grapefruit-facial-masque-6oz","status":"publish","type":"product","link":"https:\/\/www.laperlavalles.cat\/es\/product\/queen-helene-avocado-grapefruit-facial-masque-6oz\/","title":{"rendered":"QUEEN HELENE AVOCADO &amp; GRAPEFRUIT FACIAL MASQUE 6OZ"},"content":{"rendered":"<p>Queen Helene Avocado &amp; Grapefruit Facial Masque es una mascarilla facial que combina aguacate nutritivo para proporcionar una infusi\u00f3n de humedad y extracto de pomelo antioxidante para ayudar a proteger y revitalizar la piel cansada. Esta f\u00f3rmula \u00fanica de gel-arcilla elimina suavemente las impurezas mientras preserva el equilibrio natural de la piel.<\/p>\n","protected":false},"excerpt":{"rendered":"<p>Queen Helene Avocado &amp; Grapefruit Facial Masque es una mascarilla facial que combina aguacate nutritivo para proporcionar una infusi\u00f3n de humedad y extracto de pomelo antioxidante<span class=\"excerpt-hellip\"> [\u2026]<\/span><\/p>\n","protected":false},"featured_media":189993,"comment_status":"open","ping_status":"closed","template":"","meta":[],"product_cat":[8403,8484],"product_tag":[],"_links":{"self":[{"href":"https:\/\/www.laperlavalles.cat\/es\/wp-json\/wp\/v2\/product\/190004"}],"collection":[{"href":"https:\/\/www.laperlavalles.cat\/es\/wp-json\/wp\/v2\/product"}],"about":[{"href":"https:\/\/www.laperlavalles.cat\/es\/wp-json\/wp\/v2\/types\/product"}],"replies":[{"embeddable":true,"href":"https:\/\/www.laperlavalles.cat\/es\/wp-json\/wp\/v2\/comments?post=190004"}],"wp:featuredmedia":[{"embeddable":true,"href":"https:\/\/www.laperlavalles.cat\/es\/wp-json\/wp\/v2\/media\/189993"}],"wp:attachment":[{"href":"https:\/\/www.laperlavalles.cat\/es\/wp-json\/wp\/v2\/media?parent=190004"}],"wp:term":[{"taxonomy":"product_cat","embeddable":true,"href":"https:\/\/www.laperlavalles.cat\/es\/wp-json\/wp\/v2\/product_cat?post=190004"},{"taxonomy":"product_tag","embeddable":true,"href":"https:\/\/www.laperlavalles.cat\/es\/wp-json\/wp\/v2\/product_tag?post=190004"}],"curies":[{"name":"wp","href":"https:\/\/api.w.org\/{rel}","templated":true}]}}

<p>Queen Helene Avocado &amp; Grapefruit Facial Masque es una mascarilla facial que combina aguacate nutritivo para proporcionar una infusión de humedad y extracto de pomelo antioxidante para ayudar a proteger y revitalizar la piel cansada. Esta fórmula única de gel-arcilla elimina suavemente las impurezas mientras preserva el equilibrio natural de la piel.</p>

<p>Queen Helene Avocado &amp; Grapefruit Facial Masque es una mascarilla facial que combina aguacate nutritivo para proporcionar una infusión de humedad y extracto de pomelo antioxidante<span class="excerpt-hellip"> […]</span></p>
