{"id":190704,"date":"2025-03-24T09:50:41","date_gmt":"2025-03-24T08:50:53","guid":{"rendered":"https:\/\/www.laperlavalles.cat\/product\/aunt-jackies-in-control-conditioner-426g\/"},"modified":"2025-03-24T10:20:28","modified_gmt":"2025-03-24T09:20:28","slug":"aunt-jackies-in-control-conditioner-426g","status":"publish","type":"product","link":"https:\/\/www.laperlavalles.cat\/es\/product\/aunt-jackies-in-control-conditioner-426g\/","title":{"rendered":"AUNT JACKIE&#8217;S IN CONTROL CONDITIONER 426G"},"content":{"rendered":"<p>El AUNT JACKIE&#8217;S IN CONTROL CONDITIONER es un acondicionador hidratante y suavizante que ayuda a restaurar el cabello seco y da\u00f1ado. Su f\u00f3rmula con manteca de karit\u00e9, aceite de oliva y queratina nutre, desenreda y devuelve la elasticidad natural del cabello.<\/p>\n","protected":false},"excerpt":{"rendered":"<p>El AUNT JACKIE&#8217;S IN CONTROL CONDITIONER es un acondicionador hidratante y suavizante que ayuda a restaurar el cabello seco y da\u00f1ado. Su f\u00f3rmula con manteca de<span class=\"excerpt-hellip\"> [\u2026]<\/span><\/p>\n","protected":false},"featured_media":190693,"comment_status":"open","ping_status":"closed","template":"","meta":[],"product_cat":[8403,24330],"product_tag":[],"_links":{"self":[{"href":"https:\/\/www.laperlavalles.cat\/es\/wp-json\/wp\/v2\/product\/190704"}],"collection":[{"href":"https:\/\/www.laperlavalles.cat\/es\/wp-json\/wp\/v2\/product"}],"about":[{"href":"https:\/\/www.laperlavalles.cat\/es\/wp-json\/wp\/v2\/types\/product"}],"replies":[{"embeddable":true,"href":"https:\/\/www.laperlavalles.cat\/es\/wp-json\/wp\/v2\/comments?post=190704"}],"wp:featuredmedia":[{"embeddable":true,"href":"https:\/\/www.laperlavalles.cat\/es\/wp-json\/wp\/v2\/media\/190693"}],"wp:attachment":[{"href":"https:\/\/www.laperlavalles.cat\/es\/wp-json\/wp\/v2\/media?parent=190704"}],"wp:term":[{"taxonomy":"product_cat","embeddable":true,"href":"https:\/\/www.laperlavalles.cat\/es\/wp-json\/wp\/v2\/product_cat?post=190704"},{"taxonomy":"product_tag","embeddable":true,"href":"https:\/\/www.laperlavalles.cat\/es\/wp-json\/wp\/v2\/product_tag?post=190704"}],"curies":[{"name":"wp","href":"https:\/\/api.w.org\/{rel}","templated":true}]}}

<p>El AUNT JACKIE&#8217;S IN CONTROL CONDITIONER es un acondicionador hidratante y suavizante que ayuda a restaurar el cabello seco y dañado. Su fórmula con manteca de karité, aceite de oliva y queratina nutre, desenreda y devuelve la elasticidad natural del cabello.</p>

<p>El AUNT JACKIE&#8217;S IN CONTROL CONDITIONER es un acondicionador hidratante y suavizante que ayuda a restaurar el cabello seco y dañado. Su fórmula con manteca de<span class="excerpt-hellip"> […]</span></p>
