{"id":192159,"date":"2025-04-30T08:35:06","date_gmt":"2025-04-30T06:35:18","guid":{"rendered":"https:\/\/www.laperlavalles.cat\/product\/vitals-olive-oil-hair-heat-protector-4oz\/"},"modified":"2025-05-12T15:49:47","modified_gmt":"2025-05-12T13:49:47","slug":"vitals-olive-oil-hair-heat-protector-4oz","status":"publish","type":"product","link":"https:\/\/www.laperlavalles.cat\/es\/product\/vitals-olive-oil-hair-heat-protector-4oz\/","title":{"rendered":"VITALS OLIVE OIL HAIR HEAT PROTECTOR 4OZ"},"content":{"rendered":"<p>El Vitale Olive Oil Hair Heat Protector 4oz es un spray ligero que protege el cabello de da\u00f1os causados por el uso de dispositivos de estilizaci\u00f3n t\u00e9rmica. Enriquecido con aceite de oliva y biotina, ayuda a mantener el equilibrio de humedad y aporta brillo. Se recomienda aplicarlo sobre el cabello h\u00famedo antes del uso de calor.?<\/p>\n","protected":false},"excerpt":{"rendered":"<p>El Vitale Olive Oil Hair Heat Protector 4oz es un spray ligero que protege el cabello de da\u00f1os causados por el uso de dispositivos de estilizaci\u00f3n<span class=\"excerpt-hellip\"> [\u2026]<\/span><\/p>\n","protected":false},"featured_media":192148,"comment_status":"open","ping_status":"closed","template":"","meta":[],"product_cat":[8403,24330],"product_tag":[],"_links":{"self":[{"href":"https:\/\/www.laperlavalles.cat\/es\/wp-json\/wp\/v2\/product\/192159"}],"collection":[{"href":"https:\/\/www.laperlavalles.cat\/es\/wp-json\/wp\/v2\/product"}],"about":[{"href":"https:\/\/www.laperlavalles.cat\/es\/wp-json\/wp\/v2\/types\/product"}],"replies":[{"embeddable":true,"href":"https:\/\/www.laperlavalles.cat\/es\/wp-json\/wp\/v2\/comments?post=192159"}],"wp:featuredmedia":[{"embeddable":true,"href":"https:\/\/www.laperlavalles.cat\/es\/wp-json\/wp\/v2\/media\/192148"}],"wp:attachment":[{"href":"https:\/\/www.laperlavalles.cat\/es\/wp-json\/wp\/v2\/media?parent=192159"}],"wp:term":[{"taxonomy":"product_cat","embeddable":true,"href":"https:\/\/www.laperlavalles.cat\/es\/wp-json\/wp\/v2\/product_cat?post=192159"},{"taxonomy":"product_tag","embeddable":true,"href":"https:\/\/www.laperlavalles.cat\/es\/wp-json\/wp\/v2\/product_tag?post=192159"}],"curies":[{"name":"wp","href":"https:\/\/api.w.org\/{rel}","templated":true}]}}

<p>El Vitale Olive Oil Hair Heat Protector 4oz es un spray ligero que protege el cabello de daños causados por el uso de dispositivos de estilización térmica. Enriquecido con aceite de oliva y biotina, ayuda a mantener el equilibrio de humedad y aporta brillo. Se recomienda aplicarlo sobre el cabello húmedo antes del uso de calor.?</p>

<p>El Vitale Olive Oil Hair Heat Protector 4oz es un spray ligero que protege el cabello de daños causados por el uso de dispositivos de estilización<span class="excerpt-hellip"> […]</span></p>
