{"id":192774,"date":"2025-04-30T10:00:41","date_gmt":"2025-04-30T08:00:52","guid":{"rendered":"https:\/\/www.laperlavalles.cat\/product\/bibigo-gyoza-de-kimchi-y-cerdo-congelado-525g\/"},"modified":"2026-03-27T11:41:32","modified_gmt":"2026-03-27T10:41:32","slug":"bibigo-gyoza-de-kimchi-y-cerdo-congelado-525g","status":"publish","type":"product","link":"https:\/\/www.laperlavalles.cat\/es\/product\/bibigo-gyoza-de-kimchi-y-cerdo-congelado-525g\/","title":{"rendered":"BIBIGO GYOZA DE KIMCHI Y CERDO CONGELADO 525G"},"content":{"rendered":"<p>Les Bibigo Gyoza de Kimchi i Porc Congelades 525g s\u00f3n mandus coreans farcits amb una combinaci\u00f3 picant de kimchi fermentat i carn de porc suculenta. Aquestes gyoza ofereixen un sabor aut\u00e8ntic i equilibrat, ideal per als amants de la cuina coreana. Es poden preparar f\u00e0cilment fregides, al vapor o a la planxa, obtenint una textura cruixent i un farcit sabor\u00f3s.<\/p>\n","protected":false},"excerpt":{"rendered":"<p>Les Bibigo Gyoza de Kimchi i Porc Congelades 525g s\u00f3n mandus coreans farcits amb una combinaci\u00f3 picant de kimchi fermentat i carn de porc suculenta. Aquestes<span class=\"excerpt-hellip\"> [\u2026]<\/span><\/p>\n","protected":false},"featured_media":192763,"comment_status":"open","ping_status":"closed","template":"","meta":[],"product_cat":[8391],"product_tag":[],"_links":{"self":[{"href":"https:\/\/www.laperlavalles.cat\/es\/wp-json\/wp\/v2\/product\/192774"}],"collection":[{"href":"https:\/\/www.laperlavalles.cat\/es\/wp-json\/wp\/v2\/product"}],"about":[{"href":"https:\/\/www.laperlavalles.cat\/es\/wp-json\/wp\/v2\/types\/product"}],"replies":[{"embeddable":true,"href":"https:\/\/www.laperlavalles.cat\/es\/wp-json\/wp\/v2\/comments?post=192774"}],"wp:featuredmedia":[{"embeddable":true,"href":"https:\/\/www.laperlavalles.cat\/es\/wp-json\/wp\/v2\/media\/192763"}],"wp:attachment":[{"href":"https:\/\/www.laperlavalles.cat\/es\/wp-json\/wp\/v2\/media?parent=192774"}],"wp:term":[{"taxonomy":"product_cat","embeddable":true,"href":"https:\/\/www.laperlavalles.cat\/es\/wp-json\/wp\/v2\/product_cat?post=192774"},{"taxonomy":"product_tag","embeddable":true,"href":"https:\/\/www.laperlavalles.cat\/es\/wp-json\/wp\/v2\/product_tag?post=192774"}],"curies":[{"name":"wp","href":"https:\/\/api.w.org\/{rel}","templated":true}]}}

<p>Les Bibigo Gyoza de Kimchi i Porc Congelades 525g són mandus coreans farcits amb una combinació picant de kimchi fermentat i carn de porc suculenta. Aquestes gyoza ofereixen un sabor autèntic i equilibrat, ideal per als amants de la cuina coreana. Es poden preparar fàcilment fregides, al vapor o a la planxa, obtenint una textura cruixent i un farcit saborós.</p>

<p>Les Bibigo Gyoza de Kimchi i Porc Congelades 525g són mandus coreans farcits amb una combinació picant de kimchi fermentat i carn de porc suculenta. Aquestes<span class="excerpt-hellip"> […]</span></p>
