{"id":196938,"date":"2025-06-10T08:59:59","date_gmt":"2025-06-10T07:00:14","guid":{"rendered":"https:\/\/www.laperlavalles.cat\/product\/camille-rose-algae-renew-deep-conditioner-8oz\/"},"modified":"2025-06-10T14:18:59","modified_gmt":"2025-06-10T12:18:59","slug":"camille-rose-algae-renew-deep-conditioner-8oz","status":"publish","type":"product","link":"https:\/\/www.laperlavalles.cat\/es\/product\/camille-rose-algae-renew-deep-conditioner-8oz\/","title":{"rendered":"CAMILLE ROSE ALGAE RENEW DEEP CONDITIONER 8OZ"},"content":{"rendered":"<p>Mascarilla acondicionadora profunda enriquecida con alga azul-verde y manteca de mango para hidratar, reparar y fortalecer el cabello. Su f\u00f3rmula contiene m\u00e1s de 65 vitaminas, minerales y antioxidantes, adem\u00e1s de biotina y MSM, ayudando a prevenir la ca\u00edda, rotura y debilitamiento del cabello. Deja el cabello suave, brillante y f\u00e1cil de desenredar. Adecuada para todo tipo de cabellos, especialmente rizados, secos o fr\u00e1giles.<\/p>\n","protected":false},"excerpt":{"rendered":"<p>Mascarilla acondicionadora profunda enriquecida con alga azul-verde y manteca de mango para hidratar, reparar y fortalecer el cabello. Su f\u00f3rmula contiene m\u00e1s de 65 vitaminas, minerales<span class=\"excerpt-hellip\"> [\u2026]<\/span><\/p>\n","protected":false},"featured_media":196927,"comment_status":"open","ping_status":"closed","template":"","meta":[],"product_cat":[8403,24330],"product_tag":[],"_links":{"self":[{"href":"https:\/\/www.laperlavalles.cat\/es\/wp-json\/wp\/v2\/product\/196938"}],"collection":[{"href":"https:\/\/www.laperlavalles.cat\/es\/wp-json\/wp\/v2\/product"}],"about":[{"href":"https:\/\/www.laperlavalles.cat\/es\/wp-json\/wp\/v2\/types\/product"}],"replies":[{"embeddable":true,"href":"https:\/\/www.laperlavalles.cat\/es\/wp-json\/wp\/v2\/comments?post=196938"}],"wp:featuredmedia":[{"embeddable":true,"href":"https:\/\/www.laperlavalles.cat\/es\/wp-json\/wp\/v2\/media\/196927"}],"wp:attachment":[{"href":"https:\/\/www.laperlavalles.cat\/es\/wp-json\/wp\/v2\/media?parent=196938"}],"wp:term":[{"taxonomy":"product_cat","embeddable":true,"href":"https:\/\/www.laperlavalles.cat\/es\/wp-json\/wp\/v2\/product_cat?post=196938"},{"taxonomy":"product_tag","embeddable":true,"href":"https:\/\/www.laperlavalles.cat\/es\/wp-json\/wp\/v2\/product_tag?post=196938"}],"curies":[{"name":"wp","href":"https:\/\/api.w.org\/{rel}","templated":true}]}}

<p>Mascarilla acondicionadora profunda enriquecida con alga azul-verde y manteca de mango para hidratar, reparar y fortalecer el cabello. Su fórmula contiene más de 65 vitaminas, minerales y antioxidantes, además de biotina y MSM, ayudando a prevenir la caída, rotura y debilitamiento del cabello. Deja el cabello suave, brillante y fácil de desenredar. Adecuada para todo tipo de cabellos, especialmente rizados, secos o frágiles.</p>

<p>Mascarilla acondicionadora profunda enriquecida con alga azul-verde y manteca de mango para hidratar, reparar y fortalecer el cabello. Su fórmula contiene más de 65 vitaminas, minerales<span class="excerpt-hellip"> […]</span></p>
