{"id":197038,"date":"2025-06-10T09:06:11","date_gmt":"2025-06-10T07:06:22","guid":{"rendered":"https:\/\/www.laperlavalles.cat\/product\/camille-rose-aloe-whipped-butter-gel-8oz\/"},"modified":"2025-06-10T14:25:52","modified_gmt":"2025-06-10T12:25:52","slug":"camille-rose-aloe-whipped-butter-gel-8oz","status":"publish","type":"product","link":"https:\/\/www.laperlavalles.cat\/es\/product\/camille-rose-aloe-whipped-butter-gel-8oz\/","title":{"rendered":"CAMILLE ROSE ALOE WHIPPED BUTTER GEL 8OZ"},"content":{"rendered":"<p>Gel manteca ligero y sedoso para cabellos rizados, ondulados o afro. Formulado con aloe vera, aceites de macadamia, almendra, jojoba, aguacate y ricino, adem\u00e1s de extractos de t\u00e9 verde, olmo y romero, proporciona hidrataci\u00f3n profunda, definici\u00f3n y fijaci\u00f3n suave sin encrespamiento ni residuos. Nutre, suaviza, facilita el peinado y protege el cabello de la rotura. Puede usarse como gel definidor o como leave-in para aportar suavidad y brillo natural.<\/p>\n","protected":false},"excerpt":{"rendered":"<p>Gel manteca ligero y sedoso para cabellos rizados, ondulados o afro. Formulado con aloe vera, aceites de macadamia, almendra, jojoba, aguacate y ricino, adem\u00e1s de extractos<span class=\"excerpt-hellip\"> [\u2026]<\/span><\/p>\n","protected":false},"featured_media":197027,"comment_status":"open","ping_status":"closed","template":"","meta":[],"product_cat":[8403,24330],"product_tag":[],"_links":{"self":[{"href":"https:\/\/www.laperlavalles.cat\/es\/wp-json\/wp\/v2\/product\/197038"}],"collection":[{"href":"https:\/\/www.laperlavalles.cat\/es\/wp-json\/wp\/v2\/product"}],"about":[{"href":"https:\/\/www.laperlavalles.cat\/es\/wp-json\/wp\/v2\/types\/product"}],"replies":[{"embeddable":true,"href":"https:\/\/www.laperlavalles.cat\/es\/wp-json\/wp\/v2\/comments?post=197038"}],"wp:featuredmedia":[{"embeddable":true,"href":"https:\/\/www.laperlavalles.cat\/es\/wp-json\/wp\/v2\/media\/197027"}],"wp:attachment":[{"href":"https:\/\/www.laperlavalles.cat\/es\/wp-json\/wp\/v2\/media?parent=197038"}],"wp:term":[{"taxonomy":"product_cat","embeddable":true,"href":"https:\/\/www.laperlavalles.cat\/es\/wp-json\/wp\/v2\/product_cat?post=197038"},{"taxonomy":"product_tag","embeddable":true,"href":"https:\/\/www.laperlavalles.cat\/es\/wp-json\/wp\/v2\/product_tag?post=197038"}],"curies":[{"name":"wp","href":"https:\/\/api.w.org\/{rel}","templated":true}]}}

<p>Gel manteca ligero y sedoso para cabellos rizados, ondulados o afro. Formulado con aloe vera, aceites de macadamia, almendra, jojoba, aguacate y ricino, además de extractos de té verde, olmo y romero, proporciona hidratación profunda, definición y fijación suave sin encrespamiento ni residuos. Nutre, suaviza, facilita el peinado y protege el cabello de la rotura. Puede usarse como gel definidor o como leave-in para aportar suavidad y brillo natural.</p>

<p>Gel manteca ligero y sedoso para cabellos rizados, ondulados o afro. Formulado con aloe vera, aceites de macadamia, almendra, jojoba, aguacate y ricino, además de extractos<span class="excerpt-hellip"> […]</span></p>
