{"id":197098,"date":"2025-06-10T09:10:24","date_gmt":"2025-06-10T07:10:35","guid":{"rendered":"https:\/\/www.laperlavalles.cat\/product\/sedal-liso-perfecto-acondicionador-350ml\/"},"modified":"2025-07-04T09:54:34","modified_gmt":"2025-07-04T07:54:34","slug":"sedal-liso-perfecto-acondicionador-350ml","status":"publish","type":"product","link":"https:\/\/www.laperlavalles.cat\/es\/product\/sedal-liso-perfecto-acondicionador-350ml\/","title":{"rendered":"SEDAL LISO PERFECTO ACONDICIONADOR 350ML"},"content":{"rendered":"<p>Acondicionador especialmente formulado para cabellos lisos, con infusi\u00f3n activa de aceite de macadamia, vitamina C y prote\u00edna de seda. Hidrata intensamente, controla el frizz y deja el cabello liso, suave y fuerte desde la ra\u00edz hasta las puntas. Ideal para uso diario<\/p>\n","protected":false},"excerpt":{"rendered":"<p>Acondicionador especialmente formulado para cabellos lisos, con infusi\u00f3n activa de aceite de macadamia, vitamina C y prote\u00edna de seda. Hidrata intensamente, controla el frizz y deja<span class=\"excerpt-hellip\"> [\u2026]<\/span><\/p>\n","protected":false},"featured_media":197087,"comment_status":"open","ping_status":"closed","template":"","meta":[],"product_cat":[8403,24330],"product_tag":[],"_links":{"self":[{"href":"https:\/\/www.laperlavalles.cat\/es\/wp-json\/wp\/v2\/product\/197098"}],"collection":[{"href":"https:\/\/www.laperlavalles.cat\/es\/wp-json\/wp\/v2\/product"}],"about":[{"href":"https:\/\/www.laperlavalles.cat\/es\/wp-json\/wp\/v2\/types\/product"}],"replies":[{"embeddable":true,"href":"https:\/\/www.laperlavalles.cat\/es\/wp-json\/wp\/v2\/comments?post=197098"}],"wp:featuredmedia":[{"embeddable":true,"href":"https:\/\/www.laperlavalles.cat\/es\/wp-json\/wp\/v2\/media\/197087"}],"wp:attachment":[{"href":"https:\/\/www.laperlavalles.cat\/es\/wp-json\/wp\/v2\/media?parent=197098"}],"wp:term":[{"taxonomy":"product_cat","embeddable":true,"href":"https:\/\/www.laperlavalles.cat\/es\/wp-json\/wp\/v2\/product_cat?post=197098"},{"taxonomy":"product_tag","embeddable":true,"href":"https:\/\/www.laperlavalles.cat\/es\/wp-json\/wp\/v2\/product_tag?post=197098"}],"curies":[{"name":"wp","href":"https:\/\/api.w.org\/{rel}","templated":true}]}}

<p>Acondicionador especialmente formulado para cabellos lisos, con infusión activa de aceite de macadamia, vitamina C y proteína de seda. Hidrata intensamente, controla el frizz y deja el cabello liso, suave y fuerte desde la raíz hasta las puntas. Ideal para uso diario</p>

<p>Acondicionador especialmente formulado para cabellos lisos, con infusión activa de aceite de macadamia, vitamina C y proteína de seda. Hidrata intensamente, controla el frizz y deja<span class="excerpt-hellip"> […]</span></p>
