{"id":197158,"date":"2025-06-10T09:14:03","date_gmt":"2025-06-10T07:14:14","guid":{"rendered":"https:\/\/www.laperlavalles.cat\/product\/sedal-rizos-definidos-acondicionador-350ml\/"},"modified":"2025-07-04T10:02:40","modified_gmt":"2025-07-04T08:02:40","slug":"sedal-rizos-definidos-acondicionador-350ml","status":"publish","type":"product","link":"https:\/\/www.laperlavalles.cat\/es\/product\/sedal-rizos-definidos-acondicionador-350ml\/","title":{"rendered":"SEDAL RIZOS DEFINIDOS ACONDICIONADOR 350ML"},"content":{"rendered":"<p>Acondicionador especialmente formulado para cabellos rizados, con hidroelastina y agentes hidratantes que definen, nutren y mantienen los rizos suaves y con volumen. Reduce el encrespamiento, controla los rizos rebeldes y mantiene la hidrataci\u00f3n durante todo el d\u00eda. Deja el cabello suave, brillante y f\u00e1cil de peinar.<\/p>\n","protected":false},"excerpt":{"rendered":"<p>Acondicionador especialmente formulado para cabellos rizados, con hidroelastina y agentes hidratantes que definen, nutren y mantienen los rizos suaves y con volumen. Reduce el encrespamiento, controla<span class=\"excerpt-hellip\"> [\u2026]<\/span><\/p>\n","protected":false},"featured_media":197147,"comment_status":"open","ping_status":"closed","template":"","meta":[],"product_cat":[8403,24330],"product_tag":[],"_links":{"self":[{"href":"https:\/\/www.laperlavalles.cat\/es\/wp-json\/wp\/v2\/product\/197158"}],"collection":[{"href":"https:\/\/www.laperlavalles.cat\/es\/wp-json\/wp\/v2\/product"}],"about":[{"href":"https:\/\/www.laperlavalles.cat\/es\/wp-json\/wp\/v2\/types\/product"}],"replies":[{"embeddable":true,"href":"https:\/\/www.laperlavalles.cat\/es\/wp-json\/wp\/v2\/comments?post=197158"}],"wp:featuredmedia":[{"embeddable":true,"href":"https:\/\/www.laperlavalles.cat\/es\/wp-json\/wp\/v2\/media\/197147"}],"wp:attachment":[{"href":"https:\/\/www.laperlavalles.cat\/es\/wp-json\/wp\/v2\/media?parent=197158"}],"wp:term":[{"taxonomy":"product_cat","embeddable":true,"href":"https:\/\/www.laperlavalles.cat\/es\/wp-json\/wp\/v2\/product_cat?post=197158"},{"taxonomy":"product_tag","embeddable":true,"href":"https:\/\/www.laperlavalles.cat\/es\/wp-json\/wp\/v2\/product_tag?post=197158"}],"curies":[{"name":"wp","href":"https:\/\/api.w.org\/{rel}","templated":true}]}}

<p>Acondicionador especialmente formulado para cabellos rizados, con hidroelastina y agentes hidratantes que definen, nutren y mantienen los rizos suaves y con volumen. Reduce el encrespamiento, controla los rizos rebeldes y mantiene la hidratación durante todo el día. Deja el cabello suave, brillante y fácil de peinar.</p>
