{"id":197198,"date":"2025-06-10T09:17:16","date_gmt":"2025-06-10T07:17:27","guid":{"rendered":"https:\/\/www.laperlavalles.cat\/product\/sedal-liso-perfecto-champu-400ml\/"},"modified":"2025-07-02T15:02:46","modified_gmt":"2025-07-02T13:02:46","slug":"sedal-liso-perfecto-champu-400ml","status":"publish","type":"product","link":"https:\/\/www.laperlavalles.cat\/es\/product\/sedal-liso-perfecto-champu-400ml\/","title":{"rendered":"SEDAL LISO PERFECTO CHAMP\u00da 400ML"},"content":{"rendered":"<p>Champ\u00fa especialmente formulado para cabellos lisos, con aceite de macadamia y prote\u00edna de seda, que limpia en profundidad y ayuda a mantener el cabello suave, liso y sin frizz. Su f\u00f3rmula sin parabenos ni colorantes deja el cabello brillante, manejable y con movimiento natural, ideal para uso diario<\/p>\n","protected":false},"excerpt":{"rendered":"<p>Champ\u00fa especialmente formulado para cabellos lisos, con aceite de macadamia y prote\u00edna de seda, que limpia en profundidad y ayuda a mantener el cabello suave, liso<span class=\"excerpt-hellip\"> [\u2026]<\/span><\/p>\n","protected":false},"featured_media":197187,"comment_status":"open","ping_status":"closed","template":"","meta":[],"product_cat":[8403,24330],"product_tag":[],"_links":{"self":[{"href":"https:\/\/www.laperlavalles.cat\/es\/wp-json\/wp\/v2\/product\/197198"}],"collection":[{"href":"https:\/\/www.laperlavalles.cat\/es\/wp-json\/wp\/v2\/product"}],"about":[{"href":"https:\/\/www.laperlavalles.cat\/es\/wp-json\/wp\/v2\/types\/product"}],"replies":[{"embeddable":true,"href":"https:\/\/www.laperlavalles.cat\/es\/wp-json\/wp\/v2\/comments?post=197198"}],"wp:featuredmedia":[{"embeddable":true,"href":"https:\/\/www.laperlavalles.cat\/es\/wp-json\/wp\/v2\/media\/197187"}],"wp:attachment":[{"href":"https:\/\/www.laperlavalles.cat\/es\/wp-json\/wp\/v2\/media?parent=197198"}],"wp:term":[{"taxonomy":"product_cat","embeddable":true,"href":"https:\/\/www.laperlavalles.cat\/es\/wp-json\/wp\/v2\/product_cat?post=197198"},{"taxonomy":"product_tag","embeddable":true,"href":"https:\/\/www.laperlavalles.cat\/es\/wp-json\/wp\/v2\/product_tag?post=197198"}],"curies":[{"name":"wp","href":"https:\/\/api.w.org\/{rel}","templated":true}]}}

SEDAL LISO PERFECTO CHAMPÚ 400ML

<p>Champú especialmente formulado para cabellos lisos, con aceite de macadamia y proteína de seda, que limpia en profundidad y ayuda a mantener el cabello suave, liso y sin frizz. Su fórmula sin parabenos ni colorantes deja el cabello brillante, manejable y con movimiento natural, ideal para uso diario</p>

<p>Champú especialmente formulado para cabellos lisos, con aceite de macadamia y proteína de seda, que limpia en profundidad y ayuda a mantener el cabello suave, liso<span class="excerpt-hellip"> […]</span></p>
