{"id":197558,"date":"2025-06-10T10:07:48","date_gmt":"2025-06-10T08:07:48","guid":{"rendered":"https:\/\/www.laperlavalles.cat\/product\/caldo-calnort-cordero-1kg-5\/"},"modified":"2025-06-10T10:07:48","modified_gmt":"2025-06-10T08:07:48","slug":"caldo-calnort-cordero-1kg-5","status":"publish","type":"product","link":"https:\/\/www.laperlavalles.cat\/es\/product\/caldo-calnort-cordero-1kg-5\/","title":{"rendered":"CALDO CALNORT CORDERO 1KG"},"content":{"rendered":"<p>Caldo de cordero en polvo, perfecto para potenciar guisos, arroces, sopas y platos de carne. Se disuelve f\u00e1cilmente y aporta un sabor intenso y aut\u00e9ntico a cordero. Formato profesional de 1 kg, pensado para hosteler\u00eda y cocina a gran escala. Sin gluten y con certificado halal, seg\u00fan la gama habitual de Calnort<\/p>\n","protected":false},"excerpt":{"rendered":"<p>Caldo de cordero en polvo, perfecto para potenciar guisos, arroces, sopas y platos de carne. Se disuelve f\u00e1cilmente y aporta un sabor intenso y aut\u00e9ntico a<span class=\"excerpt-hellip\"> [\u2026]<\/span><\/p>\n","protected":false},"featured_media":197554,"comment_status":"open","ping_status":"closed","template":"","meta":[],"product_cat":[36],"product_tag":[],"_links":{"self":[{"href":"https:\/\/www.laperlavalles.cat\/es\/wp-json\/wp\/v2\/product\/197558"}],"collection":[{"href":"https:\/\/www.laperlavalles.cat\/es\/wp-json\/wp\/v2\/product"}],"about":[{"href":"https:\/\/www.laperlavalles.cat\/es\/wp-json\/wp\/v2\/types\/product"}],"replies":[{"embeddable":true,"href":"https:\/\/www.laperlavalles.cat\/es\/wp-json\/wp\/v2\/comments?post=197558"}],"wp:featuredmedia":[{"embeddable":true,"href":"https:\/\/www.laperlavalles.cat\/es\/wp-json\/wp\/v2\/media\/197554"}],"wp:attachment":[{"href":"https:\/\/www.laperlavalles.cat\/es\/wp-json\/wp\/v2\/media?parent=197558"}],"wp:term":[{"taxonomy":"product_cat","embeddable":true,"href":"https:\/\/www.laperlavalles.cat\/es\/wp-json\/wp\/v2\/product_cat?post=197558"},{"taxonomy":"product_tag","embeddable":true,"href":"https:\/\/www.laperlavalles.cat\/es\/wp-json\/wp\/v2\/product_tag?post=197558"}],"curies":[{"name":"wp","href":"https:\/\/api.w.org\/{rel}","templated":true}]}}

<p>Caldo de cordero en polvo, perfecto para potenciar guisos, arroces, sopas y platos de carne. Se disuelve fácilmente y aporta un sabor intenso y auténtico a cordero. Formato profesional de 1 kg, pensado para hostelería y cocina a gran escala. Sin gluten y con certificado halal, según la gama habitual de Calnort</p>

<p>Caldo de cordero en polvo, perfecto para potenciar guisos, arroces, sopas y platos de carne. Se disuelve fácilmente y aporta un sabor intenso y auténtico a<span class="excerpt-hellip"> […]</span></p>
