{"id":197893,"date":"2025-06-10T10:40:51","date_gmt":"2025-06-10T08:41:04","guid":{"rendered":"https:\/\/www.laperlavalles.cat\/product\/caldo-calnort-pollo-250g\/"},"modified":"2025-06-10T13:11:13","modified_gmt":"2025-06-10T11:11:13","slug":"caldo-calnort-pollo-250g","status":"publish","type":"product","link":"https:\/\/www.laperlavalles.cat\/es\/product\/caldo-calnort-pollo-250g\/","title":{"rendered":"CALDO CALNORT POLLO 250G"},"content":{"rendered":"<p>Caldo de pollo en polvo, sin gluten y certificado halal, perfecto para potenciar sopas, arroces, guisos y salsas. Elaborado con ingredientes deshidratados como pollo, especias y aromas naturales, se disuelve f\u00e1cilmente y aporta un sabor intenso y aut\u00e9ntico a pollo. Formato pr\u00e1ctico de 250 g, rinde aproximadamente 12,5 litros (20 g por litro)<\/p>\n","protected":false},"excerpt":{"rendered":"<p>Caldo de pollo en polvo, sin gluten y certificado halal, perfecto para potenciar sopas, arroces, guisos y salsas. Elaborado con ingredientes deshidratados como pollo, especias y<span class=\"excerpt-hellip\"> [\u2026]<\/span><\/p>\n","protected":false},"featured_media":197882,"comment_status":"open","ping_status":"closed","template":"","meta":[],"product_cat":[10618],"product_tag":[],"_links":{"self":[{"href":"https:\/\/www.laperlavalles.cat\/es\/wp-json\/wp\/v2\/product\/197893"}],"collection":[{"href":"https:\/\/www.laperlavalles.cat\/es\/wp-json\/wp\/v2\/product"}],"about":[{"href":"https:\/\/www.laperlavalles.cat\/es\/wp-json\/wp\/v2\/types\/product"}],"replies":[{"embeddable":true,"href":"https:\/\/www.laperlavalles.cat\/es\/wp-json\/wp\/v2\/comments?post=197893"}],"wp:featuredmedia":[{"embeddable":true,"href":"https:\/\/www.laperlavalles.cat\/es\/wp-json\/wp\/v2\/media\/197882"}],"wp:attachment":[{"href":"https:\/\/www.laperlavalles.cat\/es\/wp-json\/wp\/v2\/media?parent=197893"}],"wp:term":[{"taxonomy":"product_cat","embeddable":true,"href":"https:\/\/www.laperlavalles.cat\/es\/wp-json\/wp\/v2\/product_cat?post=197893"},{"taxonomy":"product_tag","embeddable":true,"href":"https:\/\/www.laperlavalles.cat\/es\/wp-json\/wp\/v2\/product_tag?post=197893"}],"curies":[{"name":"wp","href":"https:\/\/api.w.org\/{rel}","templated":true}]}}

<p>Caldo de pollo en polvo, sin gluten y certificado halal, perfecto para potenciar sopas, arroces, guisos y salsas. Elaborado con ingredientes deshidratados como pollo, especias y aromas naturales, se disuelve fácilmente y aporta un sabor intenso y auténtico a pollo. Formato práctico de 250 g, rinde aproximadamente 12,5 litros (20 g por litro)</p>
